{"id":6776,"date":"2024-12-10T13:28:21","date_gmt":"2024-12-10T12:28:21","guid":{"rendered":"http:\/\/paroissesaintmartindacheres.fr\/?post_type=tribe_events&#038;p=6776"},"modified":"2025-03-02T20:38:25","modified_gmt":"2025-03-02T19:38:25","slug":"retraite-pour-les-femmes-a-paray-le-monial","status":"publish","type":"tribe_events","link":"https:\/\/paroissesaintmartindacheres.fr\/index.php\/evenement\/retraite-pour-les-femmes-a-paray-le-monial\/","title":{"rendered":"Retraite pour les femmes \u00e0 Paray-Le-Monial"},"content":{"rendered":"<div class=\"entry-content\">\n<p>\u00ab\u00a0A vous, les femmes, il revient d\u2019\u00eatre sentinelles de l\u2019invisible.\u00a0\u00bb St JPII<\/p>\n<p>Toutes les femmes sont invit\u00e9es \u00e0 se retrouver \u00e0 Paray-Le-Monial, du vendredi 13 au dimanche 15 d\u00e9cembre 2024.<\/p>\n<p>Pour toute question au sujet de votre inscription : 00 33 3 58 42 20 51 ou evenement@sacrecoeur-paray.org<\/p>\n<p>Toutes les informations sont disponibles sur le site de la Basilique du Sacr\u00e9 C\u0153ur : <a href=\"https:\/\/sacrecoeur-paray.org\/evenements\/retraite-pour-femmes-2024\/\" target=\"_blank\" rel=\"noreferrer noopener\"><strong>Retraite pour femmes 2024<\/strong><\/a><\/p>\n<\/div>\n","protected":false},"excerpt":{"rendered":"<p>\u00ab\u00a0A vous, les femmes, il revient d\u2019\u00eatre sentinelles de l\u2019invisible.\u00a0\u00bb St JPII Toutes les femmes sont invit\u00e9es \u00e0 se retrouver \u00e0 Paray-Le-Monial, du vendredi 13 au dimanche 15 d\u00e9cembre 2024. [&hellip;]<\/p>\n","protected":false},"author":8,"featured_media":10350,"template":"","meta":{"_tribe_events_status":"","_tribe_events_status_reason":"","footnotes":""},"tags":[],"tribe_events_cat":[],"class_list":["post-6776","tribe_events","type-tribe_events","status-publish","has-post-thumbnail","hentry","entry","has-media"],"_links":{"self":[{"href":"https:\/\/paroissesaintmartindacheres.fr\/index.php\/wp-json\/wp\/v2\/tribe_events\/6776","targetHints":{"allow":["GET"]}}],"collection":[{"href":"https:\/\/paroissesaintmartindacheres.fr\/index.php\/wp-json\/wp\/v2\/tribe_events"}],"about":[{"href":"https:\/\/paroissesaintmartindacheres.fr\/index.php\/wp-json\/wp\/v2\/types\/tribe_events"}],"author":[{"embeddable":true,"href":"https:\/\/paroissesaintmartindacheres.fr\/index.php\/wp-json\/wp\/v2\/users\/8"}],"version-history":[{"count":3,"href":"https:\/\/paroissesaintmartindacheres.fr\/index.php\/wp-json\/wp\/v2\/tribe_events\/6776\/revisions"}],"predecessor-version":[{"id":6780,"href":"https:\/\/paroissesaintmartindacheres.fr\/index.php\/wp-json\/wp\/v2\/tribe_events\/6776\/revisions\/6780"}],"wp:featuredmedia":[{"embeddable":true,"href":"https:\/\/paroissesaintmartindacheres.fr\/index.php\/wp-json\/wp\/v2\/media\/10350"}],"wp:attachment":[{"href":"https:\/\/paroissesaintmartindacheres.fr\/index.php\/wp-json\/wp\/v2\/media?parent=6776"}],"wp:term":[{"taxonomy":"post_tag","embeddable":true,"href":"https:\/\/paroissesaintmartindacheres.fr\/index.php\/wp-json\/wp\/v2\/tags?post=6776"},{"taxonomy":"tribe_events_cat","embeddable":true,"href":"https:\/\/paroissesaintmartindacheres.fr\/index.php\/wp-json\/wp\/v2\/tribe_events_cat?post=6776"}],"curies":[{"name":"wp","href":"https:\/\/api.w.org\/{rel}","templated":true}]}}

Retraite pour les femmes à Paray-Le-Monial

<div class="entry-content">
<p>« A vous, les femmes, il revient d’être sentinelles de l’invisible. » St JPII</p>
<p>Toutes les femmes sont invitées à se retrouver à Paray-Le-Monial, du vendredi 13 au dimanche 15 décembre 2024.</p>
<p>Pour toute question au sujet de votre inscription : 00 33 3 58 42 20 51 ou evenement@sacrecoeur-paray.org</p>
<p>Toutes les informations sont disponibles sur le site de la Basilique du Sacré Cœur : <a href="https://sacrecoeur-paray.org/evenements/retraite-pour-femmes-2024/" target="_blank" rel="noreferrer noopener"><strong>Retraite pour femmes 2024</strong></a></p>
</div>

<p>« A vous, les femmes, il revient d’être sentinelles de l’invisible. » St JPII Toutes les femmes sont invitées à se retrouver à Paray-Le-Monial, du vendredi 13 au dimanche 15 décembre 2024. [&hellip;]</p>
