{"id":6772,"date":"2024-12-10T13:02:01","date_gmt":"2024-12-10T12:02:01","guid":{"rendered":"http:\/\/paroissesaintmartindacheres.fr\/?post_type=tribe_events&#038;p=6772"},"modified":"2024-12-10T13:04:32","modified_gmt":"2024-12-10T12:04:32","slug":"debut-des-repetitions-pour-le-concert-de-noel-de-la-paroisse","status":"publish","type":"tribe_events","link":"https:\/\/paroissesaintmartindacheres.fr\/index.php\/evenement\/debut-des-repetitions-pour-le-concert-de-noel-de-la-paroisse\/","title":{"rendered":"D\u00e9but des r\u00e9p\u00e9titions pour le concert de Noel de la paroisse"},"content":{"rendered":"<p>Retrouvons nous le <strong>6 d\u00e9cembre<\/strong> au <strong>Centre Jean XXIII \u00e0 20h30<\/strong> pour la premi\u00e8re r\u00e9p\u00e9tition du concert de Noel organis\u00e9 par le groupe Chants d\u2019Animation Pastorale.<\/p>\n<p>Les autres dates de r\u00e9p\u00e9tition sont : <strong>le 13 d\u00e9cembre et le 20 d\u00e9cembre.<\/strong><\/p>\n","protected":false},"excerpt":{"rendered":"<p>Retrouvons nous le 6 d\u00e9cembre au Centre Jean XXIII \u00e0 20h30 pour la premi\u00e8re r\u00e9p\u00e9tition du concert de Noel organis\u00e9 par le groupe Chants d\u2019Animation Pastorale. Les autres dates de [&hellip;]<\/p>\n","protected":false},"author":8,"featured_media":6388,"template":"","meta":{"_tribe_events_status":"","_tribe_events_status_reason":"","footnotes":""},"tags":[],"tribe_events_cat":[],"class_list":["post-6772","tribe_events","type-tribe_events","status-publish","has-post-thumbnail","hentry","entry","has-media"],"_links":{"self":[{"href":"https:\/\/paroissesaintmartindacheres.fr\/index.php\/wp-json\/wp\/v2\/tribe_events\/6772","targetHints":{"allow":["GET"]}}],"collection":[{"href":"https:\/\/paroissesaintmartindacheres.fr\/index.php\/wp-json\/wp\/v2\/tribe_events"}],"about":[{"href":"https:\/\/paroissesaintmartindacheres.fr\/index.php\/wp-json\/wp\/v2\/types\/tribe_events"}],"author":[{"embeddable":true,"href":"https:\/\/paroissesaintmartindacheres.fr\/index.php\/wp-json\/wp\/v2\/users\/8"}],"version-history":[{"count":3,"href":"https:\/\/paroissesaintmartindacheres.fr\/index.php\/wp-json\/wp\/v2\/tribe_events\/6772\/revisions"}],"predecessor-version":[{"id":6775,"href":"https:\/\/paroissesaintmartindacheres.fr\/index.php\/wp-json\/wp\/v2\/tribe_events\/6772\/revisions\/6775"}],"wp:featuredmedia":[{"embeddable":true,"href":"https:\/\/paroissesaintmartindacheres.fr\/index.php\/wp-json\/wp\/v2\/media\/6388"}],"wp:attachment":[{"href":"https:\/\/paroissesaintmartindacheres.fr\/index.php\/wp-json\/wp\/v2\/media?parent=6772"}],"wp:term":[{"taxonomy":"post_tag","embeddable":true,"href":"https:\/\/paroissesaintmartindacheres.fr\/index.php\/wp-json\/wp\/v2\/tags?post=6772"},{"taxonomy":"tribe_events_cat","embeddable":true,"href":"https:\/\/paroissesaintmartindacheres.fr\/index.php\/wp-json\/wp\/v2\/tribe_events_cat?post=6772"}],"curies":[{"name":"wp","href":"https:\/\/api.w.org\/{rel}","templated":true}]}}

Début des répétitions pour le concert de Noel de la paroisse

<p>Retrouvons nous le <strong>6 décembre</strong> au <strong>Centre Jean XXIII à 20h30</strong> pour la première répétition du concert de Noel organisé par le groupe Chants d’Animation Pastorale.</p>
<p>Les autres dates de répétition sont : <strong>le 13 décembre et le 20 décembre.</strong></p>

<p>Retrouvons nous le 6 décembre au Centre Jean XXIII à 20h30 pour la première répétition du concert de Noel organisé par le groupe Chants d’Animation Pastorale. Les autres dates de [&hellip;]</p>
