{"id":314469,"date":"2026-08-29T18:04:56","date_gmt":"2026-08-29T16:04:56","guid":{"rendered":"https:\/\/paroissesaintmartindacheres.fr\/?post_type=tribe_events&#038;p=314469"},"modified":"2026-08-29T18:04:56","modified_gmt":"2026-08-29T16:04:56","slug":"messe-unique-de-rentree-paroissiale","status":"publish","type":"tribe_events","link":"https:\/\/paroissesaintmartindacheres.fr\/index.php\/evenement\/messe-unique-de-rentree-paroissiale\/","title":{"rendered":"Messe unique de rentr\u00e9e paroissiale"},"content":{"rendered":"<p>La messe de rentr\u00e9e sera c\u00e9l\u00e9br\u00e9e le <strong>dimanche 20 septembre 2026 \u00e0 10h30, au centre Saint Jean XXIII<\/strong>. Au cours de cette messe il y aura :<\/p>\n<ul>\n<li>le b\u00e9n\u00e9diction des cartables, outils et mat\u00e9riels de travail<\/li>\n<li>l&rsquo;accueil des nouveaux arrivants dans notre paroisse<\/li>\n<\/ul>\n<p>&nbsp;<\/p>\n","protected":false},"excerpt":{"rendered":"<p>La messe de rentr\u00e9e sera c\u00e9l\u00e9br\u00e9e le dimanche 20 septembre 2026 \u00e0 10h30, au centre Saint Jean XXIII. Au cours de cette messe il y aura : le b\u00e9n\u00e9diction des [&hellip;]<\/p>\n","protected":false},"author":8,"featured_media":314470,"template":"","meta":{"_tribe_events_status":"","_tribe_events_status_reason":"","footnotes":""},"tags":[],"tribe_events_cat":[],"class_list":["post-314469","tribe_events","type-tribe_events","status-publish","has-post-thumbnail","hentry","entry","has-media"],"_links":{"self":[{"href":"https:\/\/paroissesaintmartindacheres.fr\/index.php\/wp-json\/wp\/v2\/tribe_events\/314469","targetHints":{"allow":["GET"]}}],"collection":[{"href":"https:\/\/paroissesaintmartindacheres.fr\/index.php\/wp-json\/wp\/v2\/tribe_events"}],"about":[{"href":"https:\/\/paroissesaintmartindacheres.fr\/index.php\/wp-json\/wp\/v2\/types\/tribe_events"}],"author":[{"embeddable":true,"href":"https:\/\/paroissesaintmartindacheres.fr\/index.php\/wp-json\/wp\/v2\/users\/8"}],"version-history":[{"count":1,"href":"https:\/\/paroissesaintmartindacheres.fr\/index.php\/wp-json\/wp\/v2\/tribe_events\/314469\/revisions"}],"predecessor-version":[{"id":314471,"href":"https:\/\/paroissesaintmartindacheres.fr\/index.php\/wp-json\/wp\/v2\/tribe_events\/314469\/revisions\/314471"}],"wp:featuredmedia":[{"embeddable":true,"href":"https:\/\/paroissesaintmartindacheres.fr\/index.php\/wp-json\/wp\/v2\/media\/314470"}],"wp:attachment":[{"href":"https:\/\/paroissesaintmartindacheres.fr\/index.php\/wp-json\/wp\/v2\/media?parent=314469"}],"wp:term":[{"taxonomy":"post_tag","embeddable":true,"href":"https:\/\/paroissesaintmartindacheres.fr\/index.php\/wp-json\/wp\/v2\/tags?post=314469"},{"taxonomy":"tribe_events_cat","embeddable":true,"href":"https:\/\/paroissesaintmartindacheres.fr\/index.php\/wp-json\/wp\/v2\/tribe_events_cat?post=314469"}],"curies":[{"name":"wp","href":"https:\/\/api.w.org\/{rel}","templated":true}]}}

Messe unique de rentrée paroissiale

<p>La messe de rentrée sera célébrée le <strong>dimanche 20 septembre 2026 à 10h30, au centre Saint Jean XXIII</strong>. Au cours de cette messe il y aura :</p>
<ul>
<li>le bénédiction des cartables, outils et matériels de travail</li>
<li>l&rsquo;accueil des nouveaux arrivants dans notre paroisse</li>
</ul>
<p>&nbsp;</p>

<p>La messe de rentrée sera célébrée le dimanche 20 septembre 2026 à 10h30, au centre Saint Jean XXIII. Au cours de cette messe il y aura : le bénédiction des [&hellip;]</p>
