{"id":314457,"date":"2026-08-29T17:55:02","date_gmt":"2026-08-29T15:55:02","guid":{"rendered":"https:\/\/paroissesaintmartindacheres.fr\/?post_type=tribe_events&#038;p=314457"},"modified":"2026-08-29T17:55:02","modified_gmt":"2026-08-29T15:55:02","slug":"journee-portes-ouvertes-au-centre-saint-jean-xxiii","status":"publish","type":"tribe_events","link":"https:\/\/paroissesaintmartindacheres.fr\/index.php\/evenement\/journee-portes-ouvertes-au-centre-saint-jean-xxiii\/","title":{"rendered":"Journ\u00e9e portes ouvertes au centre Saint Jean XXIII"},"content":{"rendered":"<p>Afin de pr\u00e9senter \u00e0 tous les paroissiens la belle vitalit\u00e9 de notre paroisse, nous vous donnons rendez-vous\u00a0<strong>samedi 19 septembre 2026 de 10h \u00e0 16h au centre Saint Jean XXIII<\/strong>. Chaque \u00e9quipe sera repr\u00e9sent\u00e9e et disposera d&rsquo;un stand.<\/p>\n<p>Cette journ\u00e9e conviviale et d&rsquo;information\u00a0:<\/p>\n<ul>\n<li>Rassemblera tous les mouvements et services pour pr\u00e9senter ses activit\u00e9s (flyers) ;<\/li>\n<li>Possibilit\u00e9 d&rsquo;inscriptions \u00e0 l&rsquo;Eveil \u00e0 la Foi, Cat\u00e9chisme, Aum\u00f4nerie, Cat\u00e9chum\u00e9nat pour jeunes et adultes ;<\/li>\n<li>Animations pr\u00e9vues par le groupe MVJ, la troupe des Saints-Martins-P\u00eacheurs et l&rsquo;\u00e9quipe du Secours Catholique\u2026<\/li>\n<\/ul>\n<p>Nous comptons sur la mobilisation de tous pour faire de cette journ\u00e9e un v\u00e9ritable \u00e9lan pour cette ann\u00e9e \u00e0 venir.<\/p>\n","protected":false},"excerpt":{"rendered":"<p>Afin de pr\u00e9senter \u00e0 tous les paroissiens la belle vitalit\u00e9 de notre paroisse, nous vous donnons rendez-vous\u00a0samedi 19 septembre 2026 de 10h \u00e0 16h au centre Saint Jean XXIII. Chaque [&hellip;]<\/p>\n","protected":false},"author":8,"featured_media":314459,"template":"","meta":{"_tribe_events_status":"","_tribe_events_status_reason":"","footnotes":""},"tags":[],"tribe_events_cat":[19],"class_list":["post-314457","tribe_events","type-tribe_events","status-publish","has-post-thumbnail","hentry","tribe_events_cat-important","cat_important","entry","has-media"],"_links":{"self":[{"href":"https:\/\/paroissesaintmartindacheres.fr\/index.php\/wp-json\/wp\/v2\/tribe_events\/314457","targetHints":{"allow":["GET"]}}],"collection":[{"href":"https:\/\/paroissesaintmartindacheres.fr\/index.php\/wp-json\/wp\/v2\/tribe_events"}],"about":[{"href":"https:\/\/paroissesaintmartindacheres.fr\/index.php\/wp-json\/wp\/v2\/types\/tribe_events"}],"author":[{"embeddable":true,"href":"https:\/\/paroissesaintmartindacheres.fr\/index.php\/wp-json\/wp\/v2\/users\/8"}],"version-history":[{"count":1,"href":"https:\/\/paroissesaintmartindacheres.fr\/index.php\/wp-json\/wp\/v2\/tribe_events\/314457\/revisions"}],"predecessor-version":[{"id":314460,"href":"https:\/\/paroissesaintmartindacheres.fr\/index.php\/wp-json\/wp\/v2\/tribe_events\/314457\/revisions\/314460"}],"wp:featuredmedia":[{"embeddable":true,"href":"https:\/\/paroissesaintmartindacheres.fr\/index.php\/wp-json\/wp\/v2\/media\/314459"}],"wp:attachment":[{"href":"https:\/\/paroissesaintmartindacheres.fr\/index.php\/wp-json\/wp\/v2\/media?parent=314457"}],"wp:term":[{"taxonomy":"post_tag","embeddable":true,"href":"https:\/\/paroissesaintmartindacheres.fr\/index.php\/wp-json\/wp\/v2\/tags?post=314457"},{"taxonomy":"tribe_events_cat","embeddable":true,"href":"https:\/\/paroissesaintmartindacheres.fr\/index.php\/wp-json\/wp\/v2\/tribe_events_cat?post=314457"}],"curies":[{"name":"wp","href":"https:\/\/api.w.org\/{rel}","templated":true}]}}

Journée portes ouvertes au centre Saint Jean XXIII

<p>Afin de présenter à tous les paroissiens la belle vitalité de notre paroisse, nous vous donnons rendez-vous <strong>samedi 19 septembre 2026 de 10h à 16h au centre Saint Jean XXIII</strong>. Chaque équipe sera représentée et disposera d&rsquo;un stand.</p>
<p>Cette journée conviviale et d&rsquo;information :</p>
<ul>
<li>Rassemblera tous les mouvements et services pour présenter ses activités (flyers) ;</li>
<li>Possibilité d&rsquo;inscriptions à l&rsquo;Eveil à la Foi, Catéchisme, Aumônerie, Catéchuménat pour jeunes et adultes ;</li>
<li>Animations prévues par le groupe MVJ, la troupe des Saints-Martins-Pêcheurs et l&rsquo;équipe du Secours Catholique…</li>
</ul>
<p>Nous comptons sur la mobilisation de tous pour faire de cette journée un véritable élan pour cette année à venir.</p>

<p>Afin de présenter à tous les paroissiens la belle vitalité de notre paroisse, nous vous donnons rendez-vous samedi 19 septembre 2026 de 10h à 16h au centre Saint Jean XXIII. Chaque [&hellip;]</p>
