{"id":256911,"date":"2026-03-29T19:01:29","date_gmt":"2026-03-29T17:01:29","guid":{"rendered":"https:\/\/paroissesaintmartindacheres.fr\/?post_type=tribe_events&#038;p=256911"},"modified":"2026-03-29T19:01:29","modified_gmt":"2026-03-29T17:01:29","slug":"messe-chrismale-a-la-cathedrale-st-louis-de-versailles","status":"publish","type":"tribe_events","link":"https:\/\/paroissesaintmartindacheres.fr\/index.php\/evenement\/messe-chrismale-a-la-cathedrale-st-louis-de-versailles\/","title":{"rendered":"Messe Chrismale \u00e0 la cath\u00e9drale St Louis de Versailles"},"content":{"rendered":"<p>La Messe Chrismale sera c\u00e9l\u00e9br\u00e9e par Mgr Luc Crepy, mardi 31 mars 2026 \u00e0 20h, \u00e0 la Cath\u00e9drale Saint-Louis de Versailles.<\/p>\n<p>Nous sommes tous invit\u00e9s !<\/p>\n","protected":false},"excerpt":{"rendered":"<p>La Messe Chrismale sera c\u00e9l\u00e9br\u00e9e par Mgr Luc Crepy, mardi 31 mars 2026 \u00e0 20h, \u00e0 la Cath\u00e9drale Saint-Louis de Versailles. Nous sommes tous invit\u00e9s !<\/p>\n","protected":false},"author":8,"featured_media":256912,"template":"","meta":{"_tribe_events_status":"","_tribe_events_status_reason":"","footnotes":""},"tags":[],"tribe_events_cat":[],"class_list":["post-256911","tribe_events","type-tribe_events","status-publish","has-post-thumbnail","hentry","entry","has-media"],"_links":{"self":[{"href":"https:\/\/paroissesaintmartindacheres.fr\/index.php\/wp-json\/wp\/v2\/tribe_events\/256911","targetHints":{"allow":["GET"]}}],"collection":[{"href":"https:\/\/paroissesaintmartindacheres.fr\/index.php\/wp-json\/wp\/v2\/tribe_events"}],"about":[{"href":"https:\/\/paroissesaintmartindacheres.fr\/index.php\/wp-json\/wp\/v2\/types\/tribe_events"}],"author":[{"embeddable":true,"href":"https:\/\/paroissesaintmartindacheres.fr\/index.php\/wp-json\/wp\/v2\/users\/8"}],"version-history":[{"count":1,"href":"https:\/\/paroissesaintmartindacheres.fr\/index.php\/wp-json\/wp\/v2\/tribe_events\/256911\/revisions"}],"predecessor-version":[{"id":256913,"href":"https:\/\/paroissesaintmartindacheres.fr\/index.php\/wp-json\/wp\/v2\/tribe_events\/256911\/revisions\/256913"}],"wp:featuredmedia":[{"embeddable":true,"href":"https:\/\/paroissesaintmartindacheres.fr\/index.php\/wp-json\/wp\/v2\/media\/256912"}],"wp:attachment":[{"href":"https:\/\/paroissesaintmartindacheres.fr\/index.php\/wp-json\/wp\/v2\/media?parent=256911"}],"wp:term":[{"taxonomy":"post_tag","embeddable":true,"href":"https:\/\/paroissesaintmartindacheres.fr\/index.php\/wp-json\/wp\/v2\/tags?post=256911"},{"taxonomy":"tribe_events_cat","embeddable":true,"href":"https:\/\/paroissesaintmartindacheres.fr\/index.php\/wp-json\/wp\/v2\/tribe_events_cat?post=256911"}],"curies":[{"name":"wp","href":"https:\/\/api.w.org\/{rel}","templated":true}]}}

Messe Chrismale à la cathédrale St Louis de Versailles

<p>La Messe Chrismale sera célébrée par Mgr Luc Crepy, mardi 31 mars 2026 à 20h, à la Cathédrale Saint-Louis de Versailles.</p>
<p>Nous sommes tous invités !</p>

<p>La Messe Chrismale sera célébrée par Mgr Luc Crepy, mardi 31 mars 2026 à 20h, à la Cathédrale Saint-Louis de Versailles. Nous sommes tous invités !</p>
