{"id":249467,"date":"2026-02-28T11:23:10","date_gmt":"2026-02-28T10:23:10","guid":{"rendered":"https:\/\/paroissesaintmartindacheres.fr\/?post_type=tribe_events&#038;p=249467"},"modified":"2026-02-28T11:23:10","modified_gmt":"2026-02-28T10:23:10","slug":"concert-participatif-organise-par-leglise-metisse","status":"publish","type":"tribe_events","link":"https:\/\/paroissesaintmartindacheres.fr\/index.php\/evenement\/concert-participatif-organise-par-leglise-metisse\/","title":{"rendered":"Concert participatif organis\u00e9 par l\u2019\u00c9glise m\u00e9tisse"},"content":{"rendered":"<div>Pour faire \u00e9tape pendant le Car\u00eame et boire \u00e0 la source des N\u00e9gro Spirituals et des Gospels, la coordination de l\u2019\u00c9glise m\u00e9tisse est heureuse de vous proposer ce concert participatif.<\/div>\n<div>Vous pourrez chanter avec le groupe MVJ, plusieurs activit\u00e9 ludiques vous seront propos\u00e9s.<\/div>\n<div>Il aura lieu le <strong>samedi 14 mars 2026 \u00e0 19h30<\/strong>, au <strong>centre Saint Jean XXIII d&rsquo;Ach\u00e8res (adresse : 24bis rue Deschamps Gu\u00e9rin 78260 Ach\u00e8res)<\/strong><\/div>\n<div><\/div>\n<div><em><strong>Partageons autour de nous et venons nombreux !<\/strong><\/em><\/div>\n<div><\/div>\n","protected":false},"excerpt":{"rendered":"<p>Pour faire \u00e9tape pendant le Car\u00eame et boire \u00e0 la source des N\u00e9gro Spirituals et des Gospels, la coordination de l\u2019\u00c9glise m\u00e9tisse est heureuse de vous proposer ce concert participatif. [&hellip;]<\/p>\n","protected":false},"author":8,"featured_media":249470,"template":"","meta":{"_tribe_events_status":"","_tribe_events_status_reason":"","footnotes":""},"tags":[],"tribe_events_cat":[19],"class_list":["post-249467","tribe_events","type-tribe_events","status-publish","has-post-thumbnail","hentry","tribe_events_cat-important","cat_important","entry","has-media"],"_links":{"self":[{"href":"https:\/\/paroissesaintmartindacheres.fr\/index.php\/wp-json\/wp\/v2\/tribe_events\/249467","targetHints":{"allow":["GET"]}}],"collection":[{"href":"https:\/\/paroissesaintmartindacheres.fr\/index.php\/wp-json\/wp\/v2\/tribe_events"}],"about":[{"href":"https:\/\/paroissesaintmartindacheres.fr\/index.php\/wp-json\/wp\/v2\/types\/tribe_events"}],"author":[{"embeddable":true,"href":"https:\/\/paroissesaintmartindacheres.fr\/index.php\/wp-json\/wp\/v2\/users\/8"}],"version-history":[{"count":1,"href":"https:\/\/paroissesaintmartindacheres.fr\/index.php\/wp-json\/wp\/v2\/tribe_events\/249467\/revisions"}],"predecessor-version":[{"id":249471,"href":"https:\/\/paroissesaintmartindacheres.fr\/index.php\/wp-json\/wp\/v2\/tribe_events\/249467\/revisions\/249471"}],"wp:featuredmedia":[{"embeddable":true,"href":"https:\/\/paroissesaintmartindacheres.fr\/index.php\/wp-json\/wp\/v2\/media\/249470"}],"wp:attachment":[{"href":"https:\/\/paroissesaintmartindacheres.fr\/index.php\/wp-json\/wp\/v2\/media?parent=249467"}],"wp:term":[{"taxonomy":"post_tag","embeddable":true,"href":"https:\/\/paroissesaintmartindacheres.fr\/index.php\/wp-json\/wp\/v2\/tags?post=249467"},{"taxonomy":"tribe_events_cat","embeddable":true,"href":"https:\/\/paroissesaintmartindacheres.fr\/index.php\/wp-json\/wp\/v2\/tribe_events_cat?post=249467"}],"curies":[{"name":"wp","href":"https:\/\/api.w.org\/{rel}","templated":true}]}}

Concert participatif organisé par l’Église métisse

<div>Pour faire étape pendant le Carême et boire à la source des Négro Spirituals et des Gospels, la coordination de l’Église métisse est heureuse de vous proposer ce concert participatif.</div>
<div>Vous pourrez chanter avec le groupe MVJ, plusieurs activité ludiques vous seront proposés.</div>
<div>Il aura lieu le <strong>samedi 14 mars 2026 à 19h30</strong>, au <strong>centre Saint Jean XXIII d&rsquo;Achères (adresse : 24bis rue Deschamps Guérin 78260 Achères)</strong></div>
<div></div>
<div><em><strong>Partageons autour de nous et venons nombreux !</strong></em></div>
<div></div>

<p>Pour faire étape pendant le Carême et boire à la source des Négro Spirituals et des Gospels, la coordination de l’Église métisse est heureuse de vous proposer ce concert participatif. [&hellip;]</p>
