{"id":247177,"date":"2026-02-18T11:00:30","date_gmt":"2026-02-18T10:00:30","guid":{"rendered":"https:\/\/paroissesaintmartindacheres.fr\/?post_type=tribe_events&#038;p=247177"},"modified":"2026-02-28T11:25:02","modified_gmt":"2026-02-28T10:25:02","slug":"formation-redecouvrir-la-confession","status":"publish","type":"tribe_events","link":"https:\/\/paroissesaintmartindacheres.fr\/index.php\/evenement\/formation-redecouvrir-la-confession\/","title":{"rendered":"Formation : (Re)d\u00e9couvrir la confession"},"content":{"rendered":"<p>Cette formation est propos\u00e9e \u00e0 tous les fid\u00e8les qui pressentent que la confession peut les aider \u00e0 progresser dans leur vie de foi mais ne savent pas comment s&rsquo;y prendre concr\u00e8tement.<\/p>\n<p>Nous y sommes tous invit\u00e9s le vendredi 13 mars 2026 \u00e0 20h, au centre Saint Jean XXIII.<\/p>\n","protected":false},"excerpt":{"rendered":"<p>Cette formation est propos\u00e9e \u00e0 tous les fid\u00e8les qui pressentent que la confession peut les aider \u00e0 progresser dans leur vie de foi mais ne savent pas comment s&rsquo;y prendre [&hellip;]<\/p>\n","protected":false},"author":8,"featured_media":10326,"template":"","meta":{"_tribe_events_status":"","_tribe_events_status_reason":"","footnotes":""},"tags":[],"tribe_events_cat":[],"class_list":["post-247177","tribe_events","type-tribe_events","status-publish","has-post-thumbnail","hentry","entry","has-media"],"_links":{"self":[{"href":"https:\/\/paroissesaintmartindacheres.fr\/index.php\/wp-json\/wp\/v2\/tribe_events\/247177","targetHints":{"allow":["GET"]}}],"collection":[{"href":"https:\/\/paroissesaintmartindacheres.fr\/index.php\/wp-json\/wp\/v2\/tribe_events"}],"about":[{"href":"https:\/\/paroissesaintmartindacheres.fr\/index.php\/wp-json\/wp\/v2\/types\/tribe_events"}],"author":[{"embeddable":true,"href":"https:\/\/paroissesaintmartindacheres.fr\/index.php\/wp-json\/wp\/v2\/users\/8"}],"version-history":[{"count":1,"href":"https:\/\/paroissesaintmartindacheres.fr\/index.php\/wp-json\/wp\/v2\/tribe_events\/247177\/revisions"}],"predecessor-version":[{"id":247179,"href":"https:\/\/paroissesaintmartindacheres.fr\/index.php\/wp-json\/wp\/v2\/tribe_events\/247177\/revisions\/247179"}],"wp:featuredmedia":[{"embeddable":true,"href":"https:\/\/paroissesaintmartindacheres.fr\/index.php\/wp-json\/wp\/v2\/media\/10326"}],"wp:attachment":[{"href":"https:\/\/paroissesaintmartindacheres.fr\/index.php\/wp-json\/wp\/v2\/media?parent=247177"}],"wp:term":[{"taxonomy":"post_tag","embeddable":true,"href":"https:\/\/paroissesaintmartindacheres.fr\/index.php\/wp-json\/wp\/v2\/tags?post=247177"},{"taxonomy":"tribe_events_cat","embeddable":true,"href":"https:\/\/paroissesaintmartindacheres.fr\/index.php\/wp-json\/wp\/v2\/tribe_events_cat?post=247177"}],"curies":[{"name":"wp","href":"https:\/\/api.w.org\/{rel}","templated":true}]}}

Formation : (Re)découvrir la confession

<p>Cette formation est proposée à tous les fidèles qui pressentent que la confession peut les aider à progresser dans leur vie de foi mais ne savent pas comment s&rsquo;y prendre concrètement.</p>
<p>Nous y sommes tous invités le vendredi 13 mars 2026 à 20h, au centre Saint Jean XXIII.</p>

<p>Cette formation est proposée à tous les fidèles qui pressentent que la confession peut les aider à progresser dans leur vie de foi mais ne savent pas comment s&rsquo;y prendre [&hellip;]</p>
