{"id":245502,"date":"2026-02-11T16:38:06","date_gmt":"2026-02-11T15:38:06","guid":{"rendered":"https:\/\/paroissesaintmartindacheres.fr\/?post_type=tribe_events&#038;p=245502"},"modified":"2026-02-21T18:54:36","modified_gmt":"2026-02-21T17:54:36","slug":"veillee-de-priere-pour-entrer-dans-le-temps-de-careme","status":"publish","type":"tribe_events","link":"https:\/\/paroissesaintmartindacheres.fr\/index.php\/evenement\/veillee-de-priere-pour-entrer-dans-le-temps-de-careme\/","title":{"rendered":"Veill\u00e9e de pri\u00e8re pour entrer dans le temps de car\u00eame"},"content":{"rendered":"<p>Les membres du groupe de la pri\u00e8re des fr\u00e8res sont heureux de vous inviter \u00e0 participer \u00e0 la<br \/>\npremi\u00e8re veill\u00e9e de pri\u00e8re qui aura lieu le :<\/p>\n<p style=\"text-align: center;\"><strong>vendredi 20 f\u00e9vrier 2026 \u00e0 20H au Centre Saint <\/strong><strong>Jean XXIII.<\/strong><\/p>\n<p style=\"text-align: left;\">Le programme de la veill\u00e9e comprendra :<br \/>\n\uf0b7 Des chants de louange<br \/>\n\uf0b7 Des pri\u00e8res d\u2019actions de gr\u00e2ces<br \/>\n\uf0b7 L\u2019adoration du Saint Sacrement<br \/>\n\uf0b7 Des pri\u00e8res individuelles et collectives<br \/>\n\uf0b7 La Pri\u00e8re des Fr\u00e8res<\/p>\n<p>Rappelons que la Pri\u00e8re des Fr\u00e8res est une pri\u00e8re d\u2019intercession d\u2019un bin\u00f4me de l\u2019\u00e9quipe des priants<br \/>\ndu groupe de pri\u00e8re en faveur d\u2019une personne qui sollicite l\u2019aide de Dieu notre P\u00e8re pour sa<br \/>\nsituation personnelle.<\/p>\n<p style=\"text-align: center;\"><strong>Venez nombreux \u00e0 cette veill\u00e9e de pri\u00e8re, en ce temps de car\u00eame, pour louer, invoquer et rendre<\/strong><br \/>\n<strong>gr\u00e2ce ensemble \u00e0 notre Dieu mis\u00e9ricordieux. <\/strong><\/p>\n","protected":false},"excerpt":{"rendered":"<p>Les membres du groupe de la pri\u00e8re des fr\u00e8res sont heureux de vous inviter \u00e0 participer \u00e0 la premi\u00e8re veill\u00e9e de pri\u00e8re qui aura lieu le : vendredi 20 f\u00e9vrier [&hellip;]<\/p>\n","protected":false},"author":8,"featured_media":245528,"template":"","meta":{"_tribe_events_status":"","_tribe_events_status_reason":"","footnotes":""},"tags":[],"tribe_events_cat":[],"class_list":["post-245502","tribe_events","type-tribe_events","status-publish","has-post-thumbnail","hentry","entry","has-media"],"_links":{"self":[{"href":"https:\/\/paroissesaintmartindacheres.fr\/index.php\/wp-json\/wp\/v2\/tribe_events\/245502","targetHints":{"allow":["GET"]}}],"collection":[{"href":"https:\/\/paroissesaintmartindacheres.fr\/index.php\/wp-json\/wp\/v2\/tribe_events"}],"about":[{"href":"https:\/\/paroissesaintmartindacheres.fr\/index.php\/wp-json\/wp\/v2\/types\/tribe_events"}],"author":[{"embeddable":true,"href":"https:\/\/paroissesaintmartindacheres.fr\/index.php\/wp-json\/wp\/v2\/users\/8"}],"version-history":[{"count":3,"href":"https:\/\/paroissesaintmartindacheres.fr\/index.php\/wp-json\/wp\/v2\/tribe_events\/245502\/revisions"}],"predecessor-version":[{"id":245530,"href":"https:\/\/paroissesaintmartindacheres.fr\/index.php\/wp-json\/wp\/v2\/tribe_events\/245502\/revisions\/245530"}],"wp:featuredmedia":[{"embeddable":true,"href":"https:\/\/paroissesaintmartindacheres.fr\/index.php\/wp-json\/wp\/v2\/media\/245528"}],"wp:attachment":[{"href":"https:\/\/paroissesaintmartindacheres.fr\/index.php\/wp-json\/wp\/v2\/media?parent=245502"}],"wp:term":[{"taxonomy":"post_tag","embeddable":true,"href":"https:\/\/paroissesaintmartindacheres.fr\/index.php\/wp-json\/wp\/v2\/tags?post=245502"},{"taxonomy":"tribe_events_cat","embeddable":true,"href":"https:\/\/paroissesaintmartindacheres.fr\/index.php\/wp-json\/wp\/v2\/tribe_events_cat?post=245502"}],"curies":[{"name":"wp","href":"https:\/\/api.w.org\/{rel}","templated":true}]}}

Veillée de prière pour entrer dans le temps de carême

<p>Les membres du groupe de la prière des frères sont heureux de vous inviter à participer à la<br />
première veillée de prière qui aura lieu le :</p>
<p style="text-align: center;"><strong>vendredi 20 février 2026 à 20H au Centre Saint </strong><strong>Jean XXIII.</strong></p>
<p style="text-align: left;">Le programme de la veillée comprendra :<br />
 Des chants de louange<br />
 Des prières d’actions de grâces<br />
 L’adoration du Saint Sacrement<br />
 Des prières individuelles et collectives<br />
 La Prière des Frères</p>
<p>Rappelons que la Prière des Frères est une prière d’intercession d’un binôme de l’équipe des priants<br />
du groupe de prière en faveur d’une personne qui sollicite l’aide de Dieu notre Père pour sa<br />
situation personnelle.</p>
<p style="text-align: center;"><strong>Venez nombreux à cette veillée de prière, en ce temps de carême, pour louer, invoquer et rendre</strong><br />
<strong>grâce ensemble à notre Dieu miséricordieux. </strong></p>

<p>Les membres du groupe de la prière des frères sont heureux de vous inviter à participer à la première veillée de prière qui aura lieu le : vendredi 20 février [&hellip;]</p>
