{"id":245003,"date":"2026-02-10T16:29:40","date_gmt":"2026-02-10T15:29:40","guid":{"rendered":"https:\/\/paroissesaintmartindacheres.fr\/?post_type=tribe_events&#038;p=245003"},"modified":"2026-02-18T11:01:42","modified_gmt":"2026-02-18T10:01:42","slug":"mercredi-des-cendres-debut-du-temps-de-careme","status":"publish","type":"tribe_events","link":"https:\/\/paroissesaintmartindacheres.fr\/index.php\/evenement\/mercredi-des-cendres-debut-du-temps-de-careme\/","title":{"rendered":"Mercredi des Cendres : D\u00e9but du temps de car\u00eame"},"content":{"rendered":"<p>Le temps de car\u00eame d\u00e9butera le mercredi 18 f\u00e9vrier prochain. La messe du mercredi des cendres sera c\u00e9l\u00e9br\u00e9e ce jour, au centre Saint Jean XXIII \u00e0 20h.<\/p>\n","protected":false},"excerpt":{"rendered":"<p>Le temps de car\u00eame d\u00e9butera le mercredi 18 f\u00e9vrier prochain. La messe du mercredi des cendres sera c\u00e9l\u00e9br\u00e9e ce jour, au centre Saint Jean XXIII \u00e0 20h.<\/p>\n","protected":false},"author":8,"featured_media":10340,"template":"","meta":{"_tribe_events_status":"","_tribe_events_status_reason":"","footnotes":""},"tags":[],"tribe_events_cat":[],"class_list":["post-245003","tribe_events","type-tribe_events","status-publish","has-post-thumbnail","hentry","entry","has-media"],"_links":{"self":[{"href":"https:\/\/paroissesaintmartindacheres.fr\/index.php\/wp-json\/wp\/v2\/tribe_events\/245003","targetHints":{"allow":["GET"]}}],"collection":[{"href":"https:\/\/paroissesaintmartindacheres.fr\/index.php\/wp-json\/wp\/v2\/tribe_events"}],"about":[{"href":"https:\/\/paroissesaintmartindacheres.fr\/index.php\/wp-json\/wp\/v2\/types\/tribe_events"}],"author":[{"embeddable":true,"href":"https:\/\/paroissesaintmartindacheres.fr\/index.php\/wp-json\/wp\/v2\/users\/8"}],"version-history":[{"count":1,"href":"https:\/\/paroissesaintmartindacheres.fr\/index.php\/wp-json\/wp\/v2\/tribe_events\/245003\/revisions"}],"predecessor-version":[{"id":245024,"href":"https:\/\/paroissesaintmartindacheres.fr\/index.php\/wp-json\/wp\/v2\/tribe_events\/245003\/revisions\/245024"}],"wp:featuredmedia":[{"embeddable":true,"href":"https:\/\/paroissesaintmartindacheres.fr\/index.php\/wp-json\/wp\/v2\/media\/10340"}],"wp:attachment":[{"href":"https:\/\/paroissesaintmartindacheres.fr\/index.php\/wp-json\/wp\/v2\/media?parent=245003"}],"wp:term":[{"taxonomy":"post_tag","embeddable":true,"href":"https:\/\/paroissesaintmartindacheres.fr\/index.php\/wp-json\/wp\/v2\/tags?post=245003"},{"taxonomy":"tribe_events_cat","embeddable":true,"href":"https:\/\/paroissesaintmartindacheres.fr\/index.php\/wp-json\/wp\/v2\/tribe_events_cat?post=245003"}],"curies":[{"name":"wp","href":"https:\/\/api.w.org\/{rel}","templated":true}]}}

Mercredi des Cendres : Début du temps de carême

<p>Le temps de carême débutera le mercredi 18 février prochain. La messe du mercredi des cendres sera célébrée ce jour, au centre Saint Jean XXIII à 20h.</p>
