{"id":240691,"date":"2026-01-30T11:20:05","date_gmt":"2026-01-30T10:20:05","guid":{"rendered":"https:\/\/paroissesaintmartindacheres.fr\/?post_type=tribe_events&#038;p=240691"},"modified":"2026-02-10T16:23:25","modified_gmt":"2026-02-10T15:23:25","slug":"messe-avec-sacrement-des-malades","status":"publish","type":"tribe_events","link":"https:\/\/paroissesaintmartindacheres.fr\/index.php\/evenement\/messe-avec-sacrement-des-malades\/","title":{"rendered":"Messe avec sacrement des malades"},"content":{"rendered":"<p>La messe du dimanche 8 f\u00e9vrier donnera une place particuli\u00e8re aux acteurs de la sant\u00e9. M\u00e9decins,<br \/>\ninfirmiers, aides-soignants, kin\u00e9, aidants\u2026 merci de vous faire connaitre aupr\u00e8s de Daniel Terlinden ou au secr\u00e9tariat<br \/>\nparoissial.<br \/>\nLe Sacrement des Malades est le Sacrement pour le temps de la Maladie&#8230; Recevoir le Sacrement des Malades est<br \/>\nun geste de foi et d&rsquo;esp\u00e9rance. C&rsquo;est demander \u00e0 Dieu la force dans l&rsquo;\u00e9preuve et le soutien dont on a besoin&#8230;<br \/>\nSi vous-m\u00eames ou une personne de votre entourage souhaite recevoir ce sacrement, nous vous proposons un temps<br \/>\npour s\u2019y pr\u00e9parer. L\u2019\u00e9quipe du Service Evang\u00e9lique des Malades se rendra au domicile des personnes qui en feront<br \/>\nla demande. Contacter la paroisse : 01 39 11 10 24 \u2013 paroisse-stmartin-acheres@orange.fr<br \/>\nS\u2019inscrire avant le 31 janvier 2026<br \/>\nR\u00e9union mercredi 4 f\u00e9vrier \u00e0 16h au presbyt\u00e8re<\/p>\n","protected":false},"excerpt":{"rendered":"<p>La messe du dimanche 8 f\u00e9vrier donnera une place particuli\u00e8re aux acteurs de la sant\u00e9. M\u00e9decins, infirmiers, aides-soignants, kin\u00e9, aidants\u2026 merci de vous faire connaitre aupr\u00e8s de Daniel Terlinden ou [&hellip;]<\/p>\n","protected":false},"author":8,"featured_media":240695,"template":"","meta":{"_tribe_events_status":"","_tribe_events_status_reason":"","footnotes":""},"tags":[],"tribe_events_cat":[],"class_list":["post-240691","tribe_events","type-tribe_events","status-publish","has-post-thumbnail","hentry","entry","has-media"],"_links":{"self":[{"href":"https:\/\/paroissesaintmartindacheres.fr\/index.php\/wp-json\/wp\/v2\/tribe_events\/240691","targetHints":{"allow":["GET"]}}],"collection":[{"href":"https:\/\/paroissesaintmartindacheres.fr\/index.php\/wp-json\/wp\/v2\/tribe_events"}],"about":[{"href":"https:\/\/paroissesaintmartindacheres.fr\/index.php\/wp-json\/wp\/v2\/types\/tribe_events"}],"author":[{"embeddable":true,"href":"https:\/\/paroissesaintmartindacheres.fr\/index.php\/wp-json\/wp\/v2\/users\/8"}],"version-history":[{"count":1,"href":"https:\/\/paroissesaintmartindacheres.fr\/index.php\/wp-json\/wp\/v2\/tribe_events\/240691\/revisions"}],"predecessor-version":[{"id":240696,"href":"https:\/\/paroissesaintmartindacheres.fr\/index.php\/wp-json\/wp\/v2\/tribe_events\/240691\/revisions\/240696"}],"wp:featuredmedia":[{"embeddable":true,"href":"https:\/\/paroissesaintmartindacheres.fr\/index.php\/wp-json\/wp\/v2\/media\/240695"}],"wp:attachment":[{"href":"https:\/\/paroissesaintmartindacheres.fr\/index.php\/wp-json\/wp\/v2\/media?parent=240691"}],"wp:term":[{"taxonomy":"post_tag","embeddable":true,"href":"https:\/\/paroissesaintmartindacheres.fr\/index.php\/wp-json\/wp\/v2\/tags?post=240691"},{"taxonomy":"tribe_events_cat","embeddable":true,"href":"https:\/\/paroissesaintmartindacheres.fr\/index.php\/wp-json\/wp\/v2\/tribe_events_cat?post=240691"}],"curies":[{"name":"wp","href":"https:\/\/api.w.org\/{rel}","templated":true}]}}

<p>La messe du dimanche 8 février donnera une place particulière aux acteurs de la santé. Médecins,<br />
infirmiers, aides-soignants, kiné, aidants… merci de vous faire connaitre auprès de Daniel Terlinden ou au secrétariat<br />
paroissial.<br />
Le Sacrement des Malades est le Sacrement pour le temps de la Maladie&#8230; Recevoir le Sacrement des Malades est<br />
un geste de foi et d&rsquo;espérance. C&rsquo;est demander à Dieu la force dans l&rsquo;épreuve et le soutien dont on a besoin&#8230;<br />
Si vous-mêmes ou une personne de votre entourage souhaite recevoir ce sacrement, nous vous proposons un temps<br />
pour s’y préparer. L’équipe du Service Evangélique des Malades se rendra au domicile des personnes qui en feront<br />
la demande. Contacter la paroisse : 01 39 11 10 24 – paroisse-stmartin-acheres@orange.fr<br />
S’inscrire avant le 31 janvier 2026<br />
Réunion mercredi 4 février à 16h au presbytère</p>

<p>La messe du dimanche 8 février donnera une place particulière aux acteurs de la santé. Médecins, infirmiers, aides-soignants, kiné, aidants… merci de vous faire connaitre auprès de Daniel Terlinden ou [&hellip;]</p>
