{"id":237990,"date":"2026-01-17T01:29:21","date_gmt":"2026-01-17T00:29:21","guid":{"rendered":"https:\/\/paroissesaintmartindacheres.fr\/?post_type=tribe_events&#038;p=237990"},"modified":"2026-01-17T01:29:21","modified_gmt":"2026-01-17T00:29:21","slug":"lancement-du-concile-provincial-dile-de-france","status":"publish","type":"tribe_events","link":"https:\/\/paroissesaintmartindacheres.fr\/index.php\/evenement\/lancement-du-concile-provincial-dile-de-france\/","title":{"rendered":"Lancement du Concile Provincial d&rsquo;\u00cele de France"},"content":{"rendered":"<p>Les dioc\u00e8ses de la Province de l&rsquo;\u00cele de France pr\u00e9parent un concile provincial sur le cat\u00e9chum\u00e9nat.<br \/>\nLe lancement officiel au niveau de toutes les paroisses est pr\u00e9vu le <strong>dimanche 25 janvier 2026<\/strong> dans une messe solennelle \u00e0 laquelle seront invit\u00e9s <strong>les cat\u00e9chum\u00e8nes et les n\u00e9ophytes<\/strong> ainsi que <strong>les fianc\u00e9s qui se pr\u00e9parent au mariage et les mari\u00e9s de l&rsquo;ann\u00e9e pass\u00e9e<\/strong> !<\/p>\n<p>Le concile provincial, sur le th\u00e8me : \u201cCat\u00e9chum\u00e8nes et n\u00e9ophytes, de nouvelles perspectives pour la vie de notre \u00c9glise dans nos dioc\u00e8ses\u201d, se tiendra de la Trinit\u00e9 2026 \u00e0 l\u2019\u00e9t\u00e9 2027.<\/p>\n","protected":false},"excerpt":{"rendered":"<p>Les dioc\u00e8ses de la Province de l&rsquo;\u00cele de France pr\u00e9parent un concile provincial sur le cat\u00e9chum\u00e9nat. Le lancement officiel au niveau de toutes les paroisses est pr\u00e9vu le dimanche 25 [&hellip;]<\/p>\n","protected":false},"author":8,"featured_media":237994,"template":"","meta":{"_tribe_events_status":"","_tribe_events_status_reason":"","footnotes":""},"tags":[],"tribe_events_cat":[],"class_list":["post-237990","tribe_events","type-tribe_events","status-publish","has-post-thumbnail","hentry","entry","has-media"],"_links":{"self":[{"href":"https:\/\/paroissesaintmartindacheres.fr\/index.php\/wp-json\/wp\/v2\/tribe_events\/237990","targetHints":{"allow":["GET"]}}],"collection":[{"href":"https:\/\/paroissesaintmartindacheres.fr\/index.php\/wp-json\/wp\/v2\/tribe_events"}],"about":[{"href":"https:\/\/paroissesaintmartindacheres.fr\/index.php\/wp-json\/wp\/v2\/types\/tribe_events"}],"author":[{"embeddable":true,"href":"https:\/\/paroissesaintmartindacheres.fr\/index.php\/wp-json\/wp\/v2\/users\/8"}],"version-history":[{"count":1,"href":"https:\/\/paroissesaintmartindacheres.fr\/index.php\/wp-json\/wp\/v2\/tribe_events\/237990\/revisions"}],"predecessor-version":[{"id":237995,"href":"https:\/\/paroissesaintmartindacheres.fr\/index.php\/wp-json\/wp\/v2\/tribe_events\/237990\/revisions\/237995"}],"wp:featuredmedia":[{"embeddable":true,"href":"https:\/\/paroissesaintmartindacheres.fr\/index.php\/wp-json\/wp\/v2\/media\/237994"}],"wp:attachment":[{"href":"https:\/\/paroissesaintmartindacheres.fr\/index.php\/wp-json\/wp\/v2\/media?parent=237990"}],"wp:term":[{"taxonomy":"post_tag","embeddable":true,"href":"https:\/\/paroissesaintmartindacheres.fr\/index.php\/wp-json\/wp\/v2\/tags?post=237990"},{"taxonomy":"tribe_events_cat","embeddable":true,"href":"https:\/\/paroissesaintmartindacheres.fr\/index.php\/wp-json\/wp\/v2\/tribe_events_cat?post=237990"}],"curies":[{"name":"wp","href":"https:\/\/api.w.org\/{rel}","templated":true}]}}

Lancement du Concile Provincial d&rsquo;Île de France

<p>Les diocèses de la Province de l&rsquo;Île de France préparent un concile provincial sur le catéchuménat.<br />
Le lancement officiel au niveau de toutes les paroisses est prévu le <strong>dimanche 25 janvier 2026</strong> dans une messe solennelle à laquelle seront invités <strong>les catéchumènes et les néophytes</strong> ainsi que <strong>les fiancés qui se préparent au mariage et les mariés de l&rsquo;année passée</strong> !</p>
<p>Le concile provincial, sur le thème : “Catéchumènes et néophytes, de nouvelles perspectives pour la vie de notre Église dans nos diocèses”, se tiendra de la Trinité 2026 à l’été 2027.</p>

<p>Les diocèses de la Province de l&rsquo;Île de France préparent un concile provincial sur le catéchuménat. Le lancement officiel au niveau de toutes les paroisses est prévu le dimanche 25 [&hellip;]</p>
