{"id":237967,"date":"2026-01-17T00:08:40","date_gmt":"2026-01-16T23:08:40","guid":{"rendered":"https:\/\/paroissesaintmartindacheres.fr\/?post_type=tribe_events&#038;p=237967"},"modified":"2026-02-10T16:23:50","modified_gmt":"2026-02-10T15:23:50","slug":"cloture-de-lannee-jubilaire-dans-notre-paroisse","status":"publish","type":"tribe_events","link":"https:\/\/paroissesaintmartindacheres.fr\/index.php\/evenement\/cloture-de-lannee-jubilaire-dans-notre-paroisse\/","title":{"rendered":"Cl\u00f4ture de l&rsquo;ann\u00e9e jubilaire dans notre paroisse"},"content":{"rendered":"<p>Apr\u00e8s une ann\u00e9e riche en rencontres et en pri\u00e8re, nous vous invitons<br \/>\n\u00e0 cl\u00f4turer ensemble l\u2019ann\u00e9e jubilaire par une soir\u00e9e exceptionnelle qui aura lieu<br \/>\nLe samedi 24 janvier \u00e0 l\u2019\u00e9glise Saint Martin \u00e0 partir de 18h.<\/p>\n<p>Th\u00e8me de la veill\u00e9e :<strong><em> \u00ab Une lumi\u00e8re pour demain \u00bb<\/em><\/strong><\/p>\n<p><strong>Programme<\/strong> :<\/p>\n<p>18h : Messe d&rsquo;action de gr\u00e2ce<\/p>\n<p>19h : Collation &#8211; Boissons chaudes &#8211; g\u00e2teaux<\/p>\n<p>19h30 : D\u00e9but de la veill\u00e9e<\/p>\n<ul>\n<li>Pr\u00e9sentation des \u00e9v\u00e9nements marquants de l&rsquo;ann\u00e9e jubilaire<\/li>\n<li>Projection de photos souvenir<\/li>\n<li>T\u00e9moignages<\/li>\n<li>B\u00e9n\u00e9diction finale<\/li>\n<\/ul>\n<p>20h30 : Fin de la veill\u00e9e<\/p>\n<p>Cette veill\u00e9e est un moment unique pour rendre gr\u00e2ce, vivre la communion paroissiale et porter ensemble la<br \/>\nlumi\u00e8re de l\u2019esp\u00e9rance pour l\u2019avenir.<br \/>\nPartagez l\u2019annonce, invitez vos proches et surtout,<br \/>\nVenez nombreux !<\/p>\n","protected":false},"excerpt":{"rendered":"<p>Apr\u00e8s une ann\u00e9e riche en rencontres et en pri\u00e8re, nous vous invitons \u00e0 cl\u00f4turer ensemble l\u2019ann\u00e9e jubilaire par une soir\u00e9e exceptionnelle qui aura lieu Le samedi 24 janvier \u00e0 l\u2019\u00e9glise [&hellip;]<\/p>\n","protected":false},"author":8,"featured_media":237977,"template":"","meta":{"_tribe_events_status":"","_tribe_events_status_reason":"","footnotes":""},"tags":[],"tribe_events_cat":[],"class_list":["post-237967","tribe_events","type-tribe_events","status-publish","has-post-thumbnail","hentry","entry","has-media"],"_links":{"self":[{"href":"https:\/\/paroissesaintmartindacheres.fr\/index.php\/wp-json\/wp\/v2\/tribe_events\/237967","targetHints":{"allow":["GET"]}}],"collection":[{"href":"https:\/\/paroissesaintmartindacheres.fr\/index.php\/wp-json\/wp\/v2\/tribe_events"}],"about":[{"href":"https:\/\/paroissesaintmartindacheres.fr\/index.php\/wp-json\/wp\/v2\/types\/tribe_events"}],"author":[{"embeddable":true,"href":"https:\/\/paroissesaintmartindacheres.fr\/index.php\/wp-json\/wp\/v2\/users\/8"}],"version-history":[{"count":1,"href":"https:\/\/paroissesaintmartindacheres.fr\/index.php\/wp-json\/wp\/v2\/tribe_events\/237967\/revisions"}],"predecessor-version":[{"id":237979,"href":"https:\/\/paroissesaintmartindacheres.fr\/index.php\/wp-json\/wp\/v2\/tribe_events\/237967\/revisions\/237979"}],"wp:featuredmedia":[{"embeddable":true,"href":"https:\/\/paroissesaintmartindacheres.fr\/index.php\/wp-json\/wp\/v2\/media\/237977"}],"wp:attachment":[{"href":"https:\/\/paroissesaintmartindacheres.fr\/index.php\/wp-json\/wp\/v2\/media?parent=237967"}],"wp:term":[{"taxonomy":"post_tag","embeddable":true,"href":"https:\/\/paroissesaintmartindacheres.fr\/index.php\/wp-json\/wp\/v2\/tags?post=237967"},{"taxonomy":"tribe_events_cat","embeddable":true,"href":"https:\/\/paroissesaintmartindacheres.fr\/index.php\/wp-json\/wp\/v2\/tribe_events_cat?post=237967"}],"curies":[{"name":"wp","href":"https:\/\/api.w.org\/{rel}","templated":true}]}}

Clôture de l&rsquo;année jubilaire dans notre paroisse

<p>Après une année riche en rencontres et en prière, nous vous invitons<br />
à clôturer ensemble l’année jubilaire par une soirée exceptionnelle qui aura lieu<br />
Le samedi 24 janvier à l’église Saint Martin à partir de 18h.</p>
<p>Thème de la veillée :<strong><em> « Une lumière pour demain »</em></strong></p>
<p><strong>Programme</strong> :</p>
<p>18h : Messe d&rsquo;action de grâce</p>
<p>19h : Collation &#8211; Boissons chaudes &#8211; gâteaux</p>
<p>19h30 : Début de la veillée</p>
<ul>
<li>Présentation des événements marquants de l&rsquo;année jubilaire</li>
<li>Projection de photos souvenir</li>
<li>Témoignages</li>
<li>Bénédiction finale</li>
</ul>
<p>20h30 : Fin de la veillée</p>
<p>Cette veillée est un moment unique pour rendre grâce, vivre la communion paroissiale et porter ensemble la<br />
lumière de l’espérance pour l’avenir.<br />
Partagez l’annonce, invitez vos proches et surtout,<br />
Venez nombreux !</p>

<p>Après une année riche en rencontres et en prière, nous vous invitons à clôturer ensemble l’année jubilaire par une soirée exceptionnelle qui aura lieu Le samedi 24 janvier à l’église [&hellip;]</p>
