{"id":231569,"date":"2025-12-20T19:20:52","date_gmt":"2025-12-20T18:20:52","guid":{"rendered":"https:\/\/paroissesaintmartindacheres.fr\/?post_type=tribe_events&#038;p=231569"},"modified":"2026-01-18T19:21:26","modified_gmt":"2026-01-18T18:21:26","slug":"inauguration-du-centre-saint-jean-xxiii","status":"publish","type":"tribe_events","link":"https:\/\/paroissesaintmartindacheres.fr\/index.php\/evenement\/inauguration-du-centre-saint-jean-xxiii\/","title":{"rendered":"Inauguration du centre Saint Jean XXIII"},"content":{"rendered":"<p>Apr\u00e8s deux mois de fermeture pour des travaux de mise en conformit\u00e9, le centre Jean XXIII s\u2019appr\u00eate \u00e0 rouvrir ses portes. La paroisse a profit\u00e9 de cette p\u00e9riode pour lui donner un nouveau nom : il portera d\u00e9sormais le nom de <strong data-start=\"346\" data-end=\"373\">Centre Saint Jean XXIII<\/strong>.<\/p>\n<p data-start=\"375\" data-end=\"576\">Nous vous invitons \u00e0 venir nombreux c\u00e9l\u00e9brer cette r\u00e9ouverture lors de la <strong data-start=\"449\" data-end=\"473\">messe d\u2019inauguration<\/strong>, qui aura lieu le <strong data-start=\"492\" data-end=\"517\">18 janvier 2026 \u00e0 10h<\/strong>, et qui sera pr\u00e9sid\u00e9e par notre \u00e9v\u00eaque, <strong data-start=\"558\" data-end=\"575\">Mgr Luc Cr\u00e9py<\/strong>.<\/p>\n<p data-start=\"578\" data-end=\"711\">\u00c0 l\u2019issue de la c\u00e9l\u00e9bration, nous aurons la joie de partager ensemble un <strong data-start=\"651\" data-end=\"670\">repas fraternel<\/strong>, moment de convivialit\u00e9 et de rencontre.<\/p>\n","protected":false},"excerpt":{"rendered":"<p>Apr\u00e8s deux mois de fermeture pour des travaux de mise en conformit\u00e9, le centre Jean XXIII s\u2019appr\u00eate \u00e0 rouvrir ses portes. La paroisse a profit\u00e9 de cette p\u00e9riode pour lui [&hellip;]<\/p>\n","protected":false},"author":8,"featured_media":231575,"template":"","meta":{"_tribe_events_status":"","_tribe_events_status_reason":"","footnotes":""},"tags":[],"tribe_events_cat":[],"class_list":["post-231569","tribe_events","type-tribe_events","status-publish","has-post-thumbnail","hentry","entry","has-media"],"_links":{"self":[{"href":"https:\/\/paroissesaintmartindacheres.fr\/index.php\/wp-json\/wp\/v2\/tribe_events\/231569","targetHints":{"allow":["GET"]}}],"collection":[{"href":"https:\/\/paroissesaintmartindacheres.fr\/index.php\/wp-json\/wp\/v2\/tribe_events"}],"about":[{"href":"https:\/\/paroissesaintmartindacheres.fr\/index.php\/wp-json\/wp\/v2\/types\/tribe_events"}],"author":[{"embeddable":true,"href":"https:\/\/paroissesaintmartindacheres.fr\/index.php\/wp-json\/wp\/v2\/users\/8"}],"version-history":[{"count":3,"href":"https:\/\/paroissesaintmartindacheres.fr\/index.php\/wp-json\/wp\/v2\/tribe_events\/231569\/revisions"}],"predecessor-version":[{"id":231587,"href":"https:\/\/paroissesaintmartindacheres.fr\/index.php\/wp-json\/wp\/v2\/tribe_events\/231569\/revisions\/231587"}],"wp:featuredmedia":[{"embeddable":true,"href":"https:\/\/paroissesaintmartindacheres.fr\/index.php\/wp-json\/wp\/v2\/media\/231575"}],"wp:attachment":[{"href":"https:\/\/paroissesaintmartindacheres.fr\/index.php\/wp-json\/wp\/v2\/media?parent=231569"}],"wp:term":[{"taxonomy":"post_tag","embeddable":true,"href":"https:\/\/paroissesaintmartindacheres.fr\/index.php\/wp-json\/wp\/v2\/tags?post=231569"},{"taxonomy":"tribe_events_cat","embeddable":true,"href":"https:\/\/paroissesaintmartindacheres.fr\/index.php\/wp-json\/wp\/v2\/tribe_events_cat?post=231569"}],"curies":[{"name":"wp","href":"https:\/\/api.w.org\/{rel}","templated":true}]}}

<p>Après deux mois de fermeture pour des travaux de mise en conformité, le centre Jean XXIII s’apprête à rouvrir ses portes. La paroisse a profité de cette période pour lui donner un nouveau nom : il portera désormais le nom de <strong data-start="346" data-end="373">Centre Saint Jean XXIII</strong>.</p>
<p data-start="375" data-end="576">Nous vous invitons à venir nombreux célébrer cette réouverture lors de la <strong data-start="449" data-end="473">messe d’inauguration</strong>, qui aura lieu le <strong data-start="492" data-end="517">18 janvier 2026 à 10h</strong>, et qui sera présidée par notre évêque, <strong data-start="558" data-end="575">Mgr Luc Crépy</strong>.</p>
<p data-start="578" data-end="711">À l’issue de la célébration, nous aurons la joie de partager ensemble un <strong data-start="651" data-end="670">repas fraternel</strong>, moment de convivialité et de rencontre.</p>

<p>Après deux mois de fermeture pour des travaux de mise en conformité, le centre Jean XXIII s’apprête à rouvrir ses portes. La paroisse a profité de cette période pour lui [&hellip;]</p>
