{"id":229630,"date":"2025-12-16T12:31:04","date_gmt":"2025-12-16T11:31:04","guid":{"rendered":"https:\/\/paroissesaintmartindacheres.fr\/?post_type=tribe_events&#038;p=229630"},"modified":"2025-12-20T19:23:38","modified_gmt":"2025-12-20T18:23:38","slug":"cloture-du-jubile-au-diocese-de-versailles","status":"publish","type":"tribe_events","link":"https:\/\/paroissesaintmartindacheres.fr\/index.php\/evenement\/cloture-du-jubile-au-diocese-de-versailles\/","title":{"rendered":"Cl\u00f4ture du Jubil\u00e9 dans le dioc\u00e8se de Versailles"},"content":{"rendered":"\r\n<p>Mgr Luc Crepy nous invite \u00e0 la messe des Nations pour marquer la cl\u00f4ture du Jubil\u00e9 \u00ab\u00a0P\u00e8lerins d\u2019esp\u00e9rance\u00a0\u00bb dans les Yvelines ! Elle aura lieu le <strong>dimanche 4 janvier 2026 \u00e0 15h30 dans la cath\u00e9drale Saint-Louis \u00e0 Versailles.<\/strong><\/p>\r\n\r\n\r\n\r\n<p class=\"has-text-align-center has-text-color has-link-color wp-elements-a7d9f3d705b0e3bba841edbe813fe3e5\"><strong><em>\u00ab\u00a0Les nations marcheront vers ta lumi\u00e8re\u00a0\u00bb Isa\u00efe 60,3<\/em><\/strong><\/p>\r\n\r\n\r\n\r\n\r\n\r\n<p>Pour lire le message en entier : <strong><a href=\"https:\/\/www.catholique78.fr\/2025\/12\/10\/tous-invites-a-la-messe-des-nations-pour-la-cloture-du-jubile-le-04-janvier-2026\/\" target=\"_blank\" rel=\"noreferrer noopener\">Invitation \u00e0 la cl\u00f4ture du Jubil\u00e9 dans les Yvelines<\/a><\/strong><\/p>\r\n","protected":false},"excerpt":{"rendered":"<p>Mgr Luc Crepy nous invite \u00e0 la messe des Nations pour marquer la cl\u00f4ture du Jubil\u00e9 \u00ab\u00a0P\u00e8lerins d\u2019esp\u00e9rance\u00a0\u00bb dans les Yvelines ! Elle aura lieu le dimanche 4 janvier 2026 [&hellip;]<\/p>\n","protected":false},"author":8,"featured_media":229618,"template":"","meta":{"_tribe_events_status":"","_tribe_events_status_reason":"","footnotes":""},"tags":[],"tribe_events_cat":[],"class_list":["post-229630","tribe_events","type-tribe_events","status-publish","has-post-thumbnail","hentry","entry","has-media"],"_links":{"self":[{"href":"https:\/\/paroissesaintmartindacheres.fr\/index.php\/wp-json\/wp\/v2\/tribe_events\/229630","targetHints":{"allow":["GET"]}}],"collection":[{"href":"https:\/\/paroissesaintmartindacheres.fr\/index.php\/wp-json\/wp\/v2\/tribe_events"}],"about":[{"href":"https:\/\/paroissesaintmartindacheres.fr\/index.php\/wp-json\/wp\/v2\/types\/tribe_events"}],"author":[{"embeddable":true,"href":"https:\/\/paroissesaintmartindacheres.fr\/index.php\/wp-json\/wp\/v2\/users\/8"}],"version-history":[{"count":2,"href":"https:\/\/paroissesaintmartindacheres.fr\/index.php\/wp-json\/wp\/v2\/tribe_events\/229630\/revisions"}],"predecessor-version":[{"id":231584,"href":"https:\/\/paroissesaintmartindacheres.fr\/index.php\/wp-json\/wp\/v2\/tribe_events\/229630\/revisions\/231584"}],"wp:featuredmedia":[{"embeddable":true,"href":"https:\/\/paroissesaintmartindacheres.fr\/index.php\/wp-json\/wp\/v2\/media\/229618"}],"wp:attachment":[{"href":"https:\/\/paroissesaintmartindacheres.fr\/index.php\/wp-json\/wp\/v2\/media?parent=229630"}],"wp:term":[{"taxonomy":"post_tag","embeddable":true,"href":"https:\/\/paroissesaintmartindacheres.fr\/index.php\/wp-json\/wp\/v2\/tags?post=229630"},{"taxonomy":"tribe_events_cat","embeddable":true,"href":"https:\/\/paroissesaintmartindacheres.fr\/index.php\/wp-json\/wp\/v2\/tribe_events_cat?post=229630"}],"curies":[{"name":"wp","href":"https:\/\/api.w.org\/{rel}","templated":true}]}}

Clôture du Jubilé dans le diocèse de Versailles

<p>Mgr Luc Crepy nous invite à la messe des Nations pour marquer la clôture du Jubilé « Pèlerins d’espérance » dans les Yvelines ! Elle aura lieu le <strong>dimanche 4 janvier 2026 à 15h30 dans la cathédrale Saint-Louis à Versailles.</strong></p>



<p class="has-text-align-center has-text-color has-link-color wp-elements-a7d9f3d705b0e3bba841edbe813fe3e5"><strong><em>« Les nations marcheront vers ta lumière » Isaïe 60,3</em></strong></p>





<p>Pour lire le message en entier : <strong><a href="https://www.catholique78.fr/2025/12/10/tous-invites-a-la-messe-des-nations-pour-la-cloture-du-jubile-le-04-janvier-2026/" target="_blank" rel="noreferrer noopener">Invitation à la clôture du Jubilé dans les Yvelines</a></strong></p>

<p>Mgr Luc Crepy nous invite à la messe des Nations pour marquer la clôture du Jubilé « Pèlerins d’espérance » dans les Yvelines ! Elle aura lieu le dimanche 4 janvier 2026 [&hellip;]</p>
