{"id":218375,"date":"2025-12-04T13:55:01","date_gmt":"2025-12-04T12:55:01","guid":{"rendered":"https:\/\/paroissesaintmartindacheres.fr\/?post_type=tribe_events&#038;p=218375"},"modified":"2025-12-04T14:03:01","modified_gmt":"2025-12-04T13:03:01","slug":"messe-des-peuples-epiphanie-du-seigneur","status":"publish","type":"tribe_events","link":"https:\/\/paroissesaintmartindacheres.fr\/index.php\/evenement\/messe-des-peuples-epiphanie-du-seigneur\/","title":{"rendered":"Messe des peuples &#8211; Epiphanie du Seigneur"},"content":{"rendered":"<p>La solennit\u00e9 de l&rsquo;\u00e9piphanie dans notre paroisse est l&rsquo;occasion de c\u00e9l\u00e9brer la messe des peuples, les paroissiens sont invit\u00e9s \u00e0 se v\u00eatir des tenues traditionnels de leur pays, r\u00e9gion, etc.<\/p>\n<p>La messe aura lieu au centre Saint Jean XXIII \u00e0 10h30.<\/p>\n","protected":false},"excerpt":{"rendered":"<p>La solennit\u00e9 de l&rsquo;\u00e9piphanie dans notre paroisse est l&rsquo;occasion de c\u00e9l\u00e9brer la messe des peuples, les paroissiens sont invit\u00e9s \u00e0 se v\u00eatir des tenues traditionnels de leur pays, r\u00e9gion, etc. [&hellip;]<\/p>\n","protected":false},"author":8,"featured_media":218392,"template":"","meta":{"_tribe_events_status":"","_tribe_events_status_reason":"","footnotes":""},"tags":[],"tribe_events_cat":[],"class_list":["post-218375","tribe_events","type-tribe_events","status-publish","has-post-thumbnail","hentry","entry","has-media"],"_links":{"self":[{"href":"https:\/\/paroissesaintmartindacheres.fr\/index.php\/wp-json\/wp\/v2\/tribe_events\/218375","targetHints":{"allow":["GET"]}}],"collection":[{"href":"https:\/\/paroissesaintmartindacheres.fr\/index.php\/wp-json\/wp\/v2\/tribe_events"}],"about":[{"href":"https:\/\/paroissesaintmartindacheres.fr\/index.php\/wp-json\/wp\/v2\/types\/tribe_events"}],"author":[{"embeddable":true,"href":"https:\/\/paroissesaintmartindacheres.fr\/index.php\/wp-json\/wp\/v2\/users\/8"}],"version-history":[{"count":1,"href":"https:\/\/paroissesaintmartindacheres.fr\/index.php\/wp-json\/wp\/v2\/tribe_events\/218375\/revisions"}],"predecessor-version":[{"id":218384,"href":"https:\/\/paroissesaintmartindacheres.fr\/index.php\/wp-json\/wp\/v2\/tribe_events\/218375\/revisions\/218384"}],"wp:featuredmedia":[{"embeddable":true,"href":"https:\/\/paroissesaintmartindacheres.fr\/index.php\/wp-json\/wp\/v2\/media\/218392"}],"wp:attachment":[{"href":"https:\/\/paroissesaintmartindacheres.fr\/index.php\/wp-json\/wp\/v2\/media?parent=218375"}],"wp:term":[{"taxonomy":"post_tag","embeddable":true,"href":"https:\/\/paroissesaintmartindacheres.fr\/index.php\/wp-json\/wp\/v2\/tags?post=218375"},{"taxonomy":"tribe_events_cat","embeddable":true,"href":"https:\/\/paroissesaintmartindacheres.fr\/index.php\/wp-json\/wp\/v2\/tribe_events_cat?post=218375"}],"curies":[{"name":"wp","href":"https:\/\/api.w.org\/{rel}","templated":true}]}}

<p>La solennité de l&rsquo;épiphanie dans notre paroisse est l&rsquo;occasion de célébrer la messe des peuples, les paroissiens sont invités à se vêtir des tenues traditionnels de leur pays, région, etc.</p>
<p>La messe aura lieu au centre Saint Jean XXIII à 10h30.</p>

<p>La solennité de l&rsquo;épiphanie dans notre paroisse est l&rsquo;occasion de célébrer la messe des peuples, les paroissiens sont invités à se vêtir des tenues traditionnels de leur pays, région, etc. [&hellip;]</p>
