{"id":76,"date":"2017-11-19T18:59:47","date_gmt":"2017-11-19T17:59:47","guid":{"rendered":"http:\/\/paroissesaintmartindacheres.fr\/?page_id=76"},"modified":"2025-03-07T22:36:51","modified_gmt":"2025-03-07T21:36:51","slug":"lequipe-paroissiale","status":"publish","type":"page","link":"https:\/\/paroissesaintmartindacheres.fr\/index.php\/lequipe-paroissiale\/","title":{"rendered":"L&rsquo;Equipe EAP"},"content":{"rendered":"<p><strong>NOTRE CURE<\/strong><\/p>\n<p><img fetchpriority=\"high\" decoding=\"async\" class=\"wp-image-5270 size-medium\" src=\"https:\/\/paroissesaintmartindacheres.fr\/wp-content\/uploads\/2023\/09\/frereRegis01-212x300.png\" alt=\"P. R\u00e9gis GROSPERRIN\" width=\"212\" height=\"300\" srcset=\"https:\/\/paroissesaintmartindacheres.fr\/wp-content\/uploads\/2023\/09\/frereRegis01-212x300.png 212w, https:\/\/paroissesaintmartindacheres.fr\/wp-content\/uploads\/2023\/09\/frereRegis01.png 240w\" sizes=\"(max-width: 212px) 100vw, 212px\" \/><\/p>\n<p>P. R\u00e9gis GROSPERRIN<br \/>\n<em>Administrateur de la Paroisse d&rsquo;Ach\u00e8res<\/em><\/p>\n<div><i>Je suis le P\u00e8re R\u00e9gis, religieux assomptionniste, au service de votre paroisse. Je suis\u00a0 habituellement au presbyt\u00e8re le mardi toute la journ\u00e9e et le vendredi apr\u00e8s-midi. Les mardis, de 17H30 \u00e0 19h, je suis dans l&rsquo;\u00e9glise saint Martin pour vous \u00e9couter ou vous accueillir en confession. Enfin, si vous souhaitez me rencontrer, n&rsquo;h\u00e9sitez pas \u00e0 m&rsquo;appeler : 06.99.10.11.77<\/i><\/div>\n<div><\/div>\n<div>Merci d&rsquo;avance et \u00e0 la joie d&rsquo;\u00eatre ensemble au service de la communaut\u00e9 et de l&rsquo;Evangile,<\/div>\n<p><strong>L&rsquo;EQUIPE D&rsquo;ANIMATION PASTORALE (EAP)<\/strong><\/p>\n<p>L&rsquo;EAP est charg\u00e9e de mettre en \u0153uvre les orientations et projets paroissiaux. Elle est compos\u00e9e de trois b\u00e9n\u00e9voles la\u00efcs qui assistent le cur\u00e9 pendant trois ans.<\/p>\n","protected":false},"excerpt":{"rendered":"<p>NOTRE CURE P. R\u00e9gis GROSPERRIN Administrateur de la Paroisse d&rsquo;Ach\u00e8res Je suis le P\u00e8re R\u00e9gis, religieux assomptionniste, au service de votre paroisse. Je suis\u00a0 habituellement au presbyt\u00e8re le mardi toute [&hellip;]<\/p>\n","protected":false},"author":1,"featured_media":0,"parent":0,"menu_order":0,"comment_status":"closed","ping_status":"closed","template":"","meta":{"footnotes":""},"class_list":["post-76","page","type-page","status-publish","hentry","entry"],"_links":{"self":[{"href":"https:\/\/paroissesaintmartindacheres.fr\/index.php\/wp-json\/wp\/v2\/pages\/76","targetHints":{"allow":["GET"]}}],"collection":[{"href":"https:\/\/paroissesaintmartindacheres.fr\/index.php\/wp-json\/wp\/v2\/pages"}],"about":[{"href":"https:\/\/paroissesaintmartindacheres.fr\/index.php\/wp-json\/wp\/v2\/types\/page"}],"author":[{"embeddable":true,"href":"https:\/\/paroissesaintmartindacheres.fr\/index.php\/wp-json\/wp\/v2\/users\/1"}],"replies":[{"embeddable":true,"href":"https:\/\/paroissesaintmartindacheres.fr\/index.php\/wp-json\/wp\/v2\/comments?post=76"}],"version-history":[{"count":12,"href":"https:\/\/paroissesaintmartindacheres.fr\/index.php\/wp-json\/wp\/v2\/pages\/76\/revisions"}],"predecessor-version":[{"id":10547,"href":"https:\/\/paroissesaintmartindacheres.fr\/index.php\/wp-json\/wp\/v2\/pages\/76\/revisions\/10547"}],"wp:attachment":[{"href":"https:\/\/paroissesaintmartindacheres.fr\/index.php\/wp-json\/wp\/v2\/media?parent=76"}],"curies":[{"name":"wp","href":"https:\/\/api.w.org\/{rel}","templated":true}]}}