{"id":6346,"date":"2024-11-20T16:25:55","date_gmt":"2024-11-20T15:25:55","guid":{"rendered":"http:\/\/paroissesaintmartindacheres.fr\/?page_id=6346"},"modified":"2025-06-17T12:32:46","modified_gmt":"2025-06-17T10:32:46","slug":"le-benevolat","status":"publish","type":"page","link":"https:\/\/paroissesaintmartindacheres.fr\/index.php\/le-benevolat\/","title":{"rendered":"Le b\u00e9n\u00e9volat"},"content":{"rendered":"\t\t<div data-elementor-type=\"wp-page\" data-elementor-id=\"6346\" class=\"elementor elementor-6346\">\n\t\t\t\t<div class=\"elementor-element elementor-element-be72823 e-flex e-con-boxed e-con e-parent\" data-id=\"be72823\" data-element_type=\"container\" data-e-type=\"container\" data-settings=\"{&quot;background_background&quot;:&quot;classic&quot;}\">\n\t\t\t\t\t<div class=\"e-con-inner\">\n\t\t<div class=\"elementor-element elementor-element-6f1c90e e-con-full e-flex e-con e-child\" data-id=\"6f1c90e\" data-element_type=\"container\" data-e-type=\"container\">\n\t\t\t\t<div class=\"elementor-element elementor-element-a59a92e elementor-widget elementor-widget-heading\" data-id=\"a59a92e\" data-element_type=\"widget\" data-e-type=\"widget\" data-widget_type=\"heading.default\">\n\t\t\t\t<div class=\"elementor-widget-container\">\n\t\t\t\t\t<h1 class=\"elementor-heading-title elementor-size-default\">Devenir b\u00e9n\u00e9vole<\/h1>\t\t\t\t<\/div>\n\t\t\t\t<\/div>\n\t\t\t\t<\/div>\n\t\t\t\t\t<\/div>\n\t\t\t\t<\/div>\n\t\t<div class=\"elementor-element elementor-element-d00baa3 e-flex e-con-boxed e-con e-parent\" data-id=\"d00baa3\" data-element_type=\"container\" data-e-type=\"container\">\n\t\t\t\t\t<div class=\"e-con-inner\">\n\t\t<div class=\"elementor-element elementor-element-2e181ab e-con-full e-flex e-con e-child\" data-id=\"2e181ab\" data-element_type=\"container\" data-e-type=\"container\">\n\t\t\t\t<div class=\"elementor-element elementor-element-fde22b0 elementor-widget elementor-widget-text-editor\" data-id=\"fde22b0\" data-element_type=\"widget\" data-e-type=\"widget\" data-widget_type=\"text-editor.default\">\n\t\t\t\t<div class=\"elementor-widget-container\">\n\t\t\t\t\t\t\t\t\t<p>Les nombreuses activit\u00e9s de notre paroisse sont organis\u00e9es gr\u00e2ce \u00e0 la g\u00e9n\u00e9rosit\u00e9 de nombreux b\u00e9n\u00e9voles qui n&rsquo;h\u00e9sitent pas \u00e0 donner de leur temps et de leur \u00e9nergie pour le service de tous.<\/p>\n<p><!-- \/wp:paragraph --><!-- wp:paragraph --><\/p>\n<p>Si vous avez du temps et des comp\u00e9tences et vous souhaitez rendre service \u00e0 la paroisse\u00a0? Vous pouvez vous proposer comme b\u00e9n\u00e9vole\u00a0!<\/p>\n<p><!-- \/wp:paragraph --><!-- wp:paragraph --><\/p>\n<p>Le b\u00e9n\u00e9volat peut s&rsquo;exercer \u00e0 plein temps (par exemple un jour par semaine pendant une ann\u00e9e), mais \u00e9galement de fa\u00e7on occasionnelle (vous pouvez vous rendre disponible soit pour une journ\u00e9e, soit pour quelques heures lorsqu&rsquo;il existe un besoin ponctuel).<\/p>\t\t\t\t\t\t\t\t<\/div>\n\t\t\t\t<\/div>\n\t\t\t\t<\/div>\n\t\t\t\t\t<\/div>\n\t\t\t\t<\/div>\n\t\t<div class=\"elementor-element elementor-element-ef8ffa2 e-flex e-con-boxed e-con e-parent\" data-id=\"ef8ffa2\" data-element_type=\"container\" data-e-type=\"container\">\n\t\t\t\t\t<div class=\"e-con-inner\">\n\t\t<div class=\"elementor-element elementor-element-15a4ae0 e-con-full e-flex e-con e-child\" data-id=\"15a4ae0\" data-element_type=\"container\" data-e-type=\"container\">\n\t\t\t\t<div class=\"elementor-element elementor-element-17485c8 elementor-widget elementor-widget-heading\" data-id=\"17485c8\" data-element_type=\"widget\" data-e-type=\"widget\" data-widget_type=\"heading.default\">\n\t\t\t\t<div class=\"elementor-widget-container\">\n\t\t\t\t\t<h2 class=\"elementor-heading-title elementor-size-default\">Les besoins de la paroisse<\/h2>\t\t\t\t<\/div>\n\t\t\t\t<\/div>\n\t\t\t\t<\/div>\n\t\t\t\t\t<\/div>\n\t\t\t\t<\/div>\n\t\t<div class=\"elementor-element elementor-element-14281771 e-flex e-con-boxed e-con e-parent\" data-id=\"14281771\" data-element_type=\"container\" data-e-type=\"container\">\n\t\t\t\t\t<div class=\"e-con-inner\">\n\t\t\t\t<div class=\"elementor-element elementor-element-276b4af3 elementor-widget elementor-widget-text-editor\" data-id=\"276b4af3\" data-element_type=\"widget\" data-e-type=\"widget\" data-widget_type=\"text-editor.default\">\n\t\t\t\t<div class=\"elementor-widget-container\">\n\t\t\t\t\t\t\t\t\t<!-- wp:paragraph --><!-- \/wp:heading --><!-- wp:paragraph -->\n<p>Notre paroisse recherche actuellement des b\u00e9n\u00e9voles dans les domaines suivants :<\/p>\n<ul>\n<li>L\u2019\u00e9quipe Accueil : 2 personnes pour le samedi matin de 9h30 \u00e0 11h30<\/li>\n<li>Le Cat\u00e9chisme pour animer des \u00e9quipes en \u00e2ge de scolarit\u00e9<\/li>\n<li>Cat\u00e9chum\u00e9nat adulte : pour accompagner les cat\u00e9chum\u00e8nes adultes<\/li>\n<li>\u00c9veil \u00e0 la foi : deux animatrices<\/li>\n<li>Action Catholique des Enfants (ACE) : une animatrice<\/li>\n<li>Equipe d\u2019adoration (\u00e0 cr\u00e9er) : pour occuper les cr\u00e9neaux d\u2019adoration les samedis jusqu\u2019\u00e0 midi<\/li>\n<li>Accompagnement des familles en deuil pour pr\u00e9parer les obs\u00e8ques (AFD)<\/li>\n<li>B\u00e9n\u00e9voles pour l\u2019organisation des p\u00e8lerinages (Lourdes et autres possibles)<\/li>\n<li>Besoin de nouveaux servants de messe et une personne pour aider \u00e0 leur encadrement<\/li>\n<li>L\u2019Aum\u00f4nerie cherche des animateurs pour accompagner des jeunes coll\u00e9giens de 6\u00e8me dans<br \/>leur vie chr\u00e9tienne.<\/li>\n<li>L\u2019\u00e9quipe du Secours Catholique : rendez-vous le 28 juin de 10h30 \u00e0 15h au Centre Jean XIII pour<br \/>un premier caf\u00e9 d\u2019accueil<\/li>\n<li>Tous les groupes de la paroisse vous accueilleront avec joie, notamment, une chorale, une chorale d\u2019enfants,<br \/>un groupe gospel, le groupe des Saint-Martins P\u00e9cheurs qui produit des spectacles musicaux<br \/>chr\u00e9tiens, le groupe de pri\u00e8re du Rosaire.<\/li>\n<!-- \/wp:list-item --><\/ul>\n<!-- \/wp:list --><!-- wp:paragraph -->\n<p>Pour proposer votre aide, envoyez-nous un message ou contactez le secr\u00e9tariat de la paroisse.<\/p>\n<!-- \/wp:paragraph --><!-- wp:paragraph --><!-- \/wp:paragraph -->\t\t\t\t\t\t\t\t<\/div>\n\t\t\t\t<\/div>\n\t\t\t\t<div class=\"elementor-element elementor-element-f637812 elementor-align-center elementor-widget elementor-widget-button\" data-id=\"f637812\" data-element_type=\"widget\" data-e-type=\"widget\" data-widget_type=\"button.default\">\n\t\t\t\t<div class=\"elementor-widget-container\">\n\t\t\t\t\t\t\t\t\t<div class=\"elementor-button-wrapper\">\n\t\t\t\t\t<a class=\"elementor-button elementor-button-link elementor-size-sm\" href=\"https:\/\/paroissesaintmartindacheres.fr\/index.php\/contact-2\/\">\n\t\t\t\t\t\t<span class=\"elementor-button-content-wrapper\">\n\t\t\t\t\t\t\t\t\t<span class=\"elementor-button-text\">Je propose mon aide<\/span>\n\t\t\t\t\t<\/span>\n\t\t\t\t\t<\/a>\n\t\t\t\t<\/div>\n\t\t\t\t\t\t\t\t<\/div>\n\t\t\t\t<\/div>\n\t\t\t\t\t<\/div>\n\t\t\t\t<\/div>\n\t\t<div class=\"elementor-element elementor-element-0171c5e e-flex e-con-boxed e-con e-parent\" data-id=\"0171c5e\" data-element_type=\"container\" data-e-type=\"container\">\n\t\t\t\t\t<div class=\"e-con-inner\">\n\t\t<div class=\"elementor-element elementor-element-38b458e e-con-full e-flex e-con e-child\" data-id=\"38b458e\" data-element_type=\"container\" data-e-type=\"container\" data-settings=\"{&quot;animation&quot;:&quot;none&quot;,&quot;animation_delay&quot;:100,&quot;background_background&quot;:&quot;classic&quot;}\">\n\t\t\t\t<div class=\"elementor-element elementor-element-6555882 elementor-widget elementor-widget-text-editor\" data-id=\"6555882\" data-element_type=\"widget\" data-e-type=\"widget\" data-widget_type=\"text-editor.default\">\n\t\t\t\t<div class=\"elementor-widget-container\">\n\t\t\t\t\t\t\t\t\t<p>Secr\u00e9tariat de la paroisse<\/p>\t\t\t\t\t\t\t\t<\/div>\n\t\t\t\t<\/div>\n\t\t\t\t<div class=\"elementor-element elementor-element-68c0966 elementor-position-inline-start elementor-view-default elementor-mobile-position-block-start elementor-widget elementor-widget-icon-box\" data-id=\"68c0966\" data-element_type=\"widget\" data-e-type=\"widget\" data-widget_type=\"icon-box.default\">\n\t\t\t\t<div class=\"elementor-widget-container\">\n\t\t\t\t\t\t\t<div class=\"elementor-icon-box-wrapper\">\n\n\t\t\t\t\t\t<div class=\"elementor-icon-box-icon\">\n\t\t\t\t<span  class=\"elementor-icon\">\n\t\t\t\t<i aria-hidden=\"true\" class=\"icon icon-phone\"><\/i>\t\t\t\t<\/span>\n\t\t\t<\/div>\n\t\t\t\n\t\t\t\t\t\t<div class=\"elementor-icon-box-content\">\n\n\t\t\t\t\n\t\t\t\t\t\t\t\t\t<p class=\"elementor-icon-box-description\">\n\t\t\t\t\t\t01 39 11 10 24\t\t\t\t\t<\/p>\n\t\t\t\t\n\t\t\t<\/div>\n\t\t\t\n\t\t<\/div>\n\t\t\t\t\t\t<\/div>\n\t\t\t\t<\/div>\n\t\t\t\t<div class=\"elementor-element elementor-element-f5b8cbf elementor-position-inline-start elementor-view-default elementor-mobile-position-block-start elementor-widget elementor-widget-icon-box\" data-id=\"f5b8cbf\" data-element_type=\"widget\" data-e-type=\"widget\" data-widget_type=\"icon-box.default\">\n\t\t\t\t<div class=\"elementor-widget-container\">\n\t\t\t\t\t\t\t<div class=\"elementor-icon-box-wrapper\">\n\n\t\t\t\t\t\t<div class=\"elementor-icon-box-icon\">\n\t\t\t\t<span  class=\"elementor-icon\">\n\t\t\t\t<svg aria-hidden=\"true\" class=\"e-font-icon-svg e-far-envelope-open\" viewBox=\"0 0 512 512\" xmlns=\"http:\/\/www.w3.org\/2000\/svg\"><path d=\"M494.586 164.516c-4.697-3.883-111.723-89.95-135.251-108.657C337.231 38.191 299.437 0 256 0c-43.205 0-80.636 37.717-103.335 55.859-24.463 19.45-131.07 105.195-135.15 108.549A48.004 48.004 0 0 0 0 201.485V464c0 26.51 21.49 48 48 48h416c26.51 0 48-21.49 48-48V201.509a48 48 0 0 0-17.414-36.993zM464 458a6 6 0 0 1-6 6H54a6 6 0 0 1-6-6V204.347c0-1.813.816-3.526 2.226-4.665 15.87-12.814 108.793-87.554 132.364-106.293C200.755 78.88 232.398 48 256 48c23.693 0 55.857 31.369 73.41 45.389 23.573 18.741 116.503 93.493 132.366 106.316a5.99 5.99 0 0 1 2.224 4.663V458zm-31.991-187.704c4.249 5.159 3.465 12.795-1.745 16.981-28.975 23.283-59.274 47.597-70.929 56.863C336.636 362.283 299.205 400 256 400c-43.452 0-81.287-38.237-103.335-55.86-11.279-8.967-41.744-33.413-70.927-56.865-5.21-4.187-5.993-11.822-1.745-16.981l15.258-18.528c4.178-5.073 11.657-5.843 16.779-1.726 28.618 23.001 58.566 47.035 70.56 56.571C200.143 320.631 232.307 352 256 352c23.602 0 55.246-30.88 73.41-45.389 11.994-9.535 41.944-33.57 70.563-56.568 5.122-4.116 12.601-3.346 16.778 1.727l15.258 18.526z\"><\/path><\/svg>\t\t\t\t<\/span>\n\t\t\t<\/div>\n\t\t\t\n\t\t\t\t\t\t<div class=\"elementor-icon-box-content\">\n\n\t\t\t\t\n\t\t\t\t\t\t\t\t\t<p class=\"elementor-icon-box-description\">\n\t\t\t\t\t\tparoisse-stmartin-acheres@orange.fr\t\t\t\t\t<\/p>\n\t\t\t\t\n\t\t\t<\/div>\n\t\t\t\n\t\t<\/div>\n\t\t\t\t\t\t<\/div>\n\t\t\t\t<\/div>\n\t\t\t\t<div class=\"elementor-element elementor-element-51d9b79 elementor-widget__width-initial elementor-widget elementor-widget-text-editor\" data-id=\"51d9b79\" data-element_type=\"widget\" data-e-type=\"widget\" data-widget_type=\"text-editor.default\">\n\t\t\t\t<div class=\"elementor-widget-container\">\n\t\t\t\t\t\t\t\t\t<p>Adresse : 8 Avenue de Stalingrad, 78260 Ach\u00e8res<\/p><p>L&rsquo;accueil du secr\u00e9tariat est ouvert <strong>les mercredi et samedi de 9h30 \u00e0 11h30<\/strong><\/p><p>Pendant le vacances scolaires, les heures d&rsquo;ouverture de l&rsquo;accueil sont am\u00e9nag\u00e9es<\/p>\t\t\t\t\t\t\t\t<\/div>\n\t\t\t\t<\/div>\n\t\t\t\t<\/div>\n\t\t\t\t\t<\/div>\n\t\t\t\t<\/div>\n\t\t\t\t<\/div>\n\t\t","protected":false},"excerpt":{"rendered":"<p>Devenir b\u00e9n\u00e9vole Les nombreuses activit\u00e9s de notre paroisse sont organis\u00e9es gr\u00e2ce \u00e0 la g\u00e9n\u00e9rosit\u00e9 de nombreux b\u00e9n\u00e9voles qui n&rsquo;h\u00e9sitent pas \u00e0 donner de leur temps et de leur \u00e9nergie pour [&hellip;]<\/p>\n","protected":false},"author":8,"featured_media":0,"parent":0,"menu_order":0,"comment_status":"closed","ping_status":"closed","template":"","meta":{"footnotes":""},"class_list":["post-6346","page","type-page","status-publish","hentry","entry"],"_links":{"self":[{"href":"https:\/\/paroissesaintmartindacheres.fr\/index.php\/wp-json\/wp\/v2\/pages\/6346","targetHints":{"allow":["GET"]}}],"collection":[{"href":"https:\/\/paroissesaintmartindacheres.fr\/index.php\/wp-json\/wp\/v2\/pages"}],"about":[{"href":"https:\/\/paroissesaintmartindacheres.fr\/index.php\/wp-json\/wp\/v2\/types\/page"}],"author":[{"embeddable":true,"href":"https:\/\/paroissesaintmartindacheres.fr\/index.php\/wp-json\/wp\/v2\/users\/8"}],"replies":[{"embeddable":true,"href":"https:\/\/paroissesaintmartindacheres.fr\/index.php\/wp-json\/wp\/v2\/comments?post=6346"}],"version-history":[{"count":30,"href":"https:\/\/paroissesaintmartindacheres.fr\/index.php\/wp-json\/wp\/v2\/pages\/6346\/revisions"}],"predecessor-version":[{"id":98481,"href":"https:\/\/paroissesaintmartindacheres.fr\/index.php\/wp-json\/wp\/v2\/pages\/6346\/revisions\/98481"}],"wp:attachment":[{"href":"https:\/\/paroissesaintmartindacheres.fr\/index.php\/wp-json\/wp\/v2\/media?parent=6346"}],"curies":[{"name":"wp","href":"https:\/\/api.w.org\/{rel}","templated":true}]}}