{"id":5717,"date":"2024-10-03T14:28:15","date_gmt":"2024-10-03T12:28:15","guid":{"rendered":"http:\/\/paroissesaintmartindacheres.fr\/?page_id=5717"},"modified":"2025-03-04T17:45:35","modified_gmt":"2025-03-04T16:45:35","slug":"communion","status":"publish","type":"page","link":"https:\/\/paroissesaintmartindacheres.fr\/index.php\/communion\/","title":{"rendered":"Communion"},"content":{"rendered":"\t\t<div data-elementor-type=\"wp-page\" data-elementor-id=\"5717\" class=\"elementor elementor-5717\">\n\t\t\t\t<div class=\"elementor-element elementor-element-ee501f8 e-con-full e-flex e-con e-parent\" data-id=\"ee501f8\" data-element_type=\"container\" data-e-type=\"container\" data-settings=\"{&quot;background_background&quot;:&quot;classic&quot;}\">\n\t\t<div class=\"elementor-element elementor-element-4b716d5 e-con-full e-flex e-con e-child\" data-id=\"4b716d5\" data-element_type=\"container\" data-e-type=\"container\">\n\t\t\t\t<div class=\"elementor-element elementor-element-8c453e3 elementor-widget elementor-widget-heading\" data-id=\"8c453e3\" data-element_type=\"widget\" data-e-type=\"widget\" data-widget_type=\"heading.default\">\n\t\t\t\t<div class=\"elementor-widget-container\">\n\t\t\t\t\t<h1 class=\"elementor-heading-title elementor-size-default\">La premi\u00e8re communion<\/h1>\t\t\t\t<\/div>\n\t\t\t\t<\/div>\n\t\t\t\t<\/div>\n\t\t<div class=\"elementor-element elementor-element-58a59b5 e-con-full e-flex e-con e-child\" data-id=\"58a59b5\" data-element_type=\"container\" data-e-type=\"container\" data-settings=\"{&quot;background_background&quot;:&quot;classic&quot;}\">\n\t\t\t\t<\/div>\n\t\t<div class=\"elementor-element elementor-element-5549550 e-con-full e-flex e-con e-child\" data-id=\"5549550\" data-element_type=\"container\" data-e-type=\"container\">\n\t\t\t\t<div class=\"elementor-element elementor-element-1fbe251 elementor-widget elementor-widget-text-editor\" data-id=\"1fbe251\" data-element_type=\"widget\" data-e-type=\"widget\" data-widget_type=\"text-editor.default\">\n\t\t\t\t<div class=\"elementor-widget-container\">\n\t\t\t\t\t\t\t\t\t<p>\u00ab Je suis le pain vivant qui descend du ciel.<br \/>Celui qui mangera de ce pain vivra pour l\u2019\u00e9ternit\u00e9. \u00bb<br \/>Jean (6,51)<\/p>\t\t\t\t\t\t\t\t<\/div>\n\t\t\t\t<\/div>\n\t\t\t\t<\/div>\n\t\t\t\t<\/div>\n\t\t<div class=\"elementor-element elementor-element-d9c337c e-flex e-con-boxed e-con e-parent\" data-id=\"d9c337c\" data-element_type=\"container\" data-e-type=\"container\">\n\t\t\t\t\t<div class=\"e-con-inner\">\n\t\t<div class=\"elementor-element elementor-element-424b5d5 e-con-full e-flex e-con e-child\" data-id=\"424b5d5\" data-element_type=\"container\" data-e-type=\"container\">\n\t\t\t\t<div class=\"elementor-element elementor-element-479c0e7 elementor-widget elementor-widget-text-editor\" data-id=\"479c0e7\" data-element_type=\"widget\" data-e-type=\"widget\" data-widget_type=\"text-editor.default\">\n\t\t\t\t<div class=\"elementor-widget-container\">\n\t\t\t\t\t\t\t\t\t<p>La premi\u00e8re Communion, c\u2019est recevoir pour la premi\u00e8re fois le corps du Christ sous forme d\u2019hostie consacr\u00e9e par le pr\u00eatre : c\u2019est le sacrement de l\u2019Eucharistie. C\u2019est le 2e rite de l\u2019initiation chr\u00e9tienne, apr\u00e8s le bapt\u00eame. Le mot \u00ab\u00a0Eucharistie\u00a0\u00bb vient du grec et signifie \u00ab merci \u00bb. C\u2019est un autre mot pour d\u00e9signer la messe : c\u2019est le repas o\u00f9 J\u00e9sus dit merci, rend gr\u00e2ce \u00e0 son P\u00e8re parce que son amour est plus fort que le mal et la mort.<\/p>\n<p><!-- \/wp:paragraph --><!-- wp:paragraph --><\/p>\n<p>Pour communier, deux conditions sont n\u00e9cessaires : \u00eatre baptis\u00e9 et vouloir vivre en amiti\u00e9 avec le Christ, selon son \u00c9vangile et dans toute sa vie.<\/p>\n<p><!-- \/wp:paragraph --><!-- wp:paragraph --><\/p>\t\t\t\t\t\t\t\t<\/div>\n\t\t\t\t<\/div>\n\t\t\t\t<\/div>\n\t\t\t\t\t<\/div>\n\t\t\t\t<\/div>\n\t\t<div class=\"elementor-element elementor-element-d73038e e-flex e-con-boxed e-con e-parent\" data-id=\"d73038e\" data-element_type=\"container\" data-e-type=\"container\">\n\t\t\t\t\t<div class=\"e-con-inner\">\n\t\t<div class=\"elementor-element elementor-element-758b4ea e-flex e-con-boxed e-con e-child\" data-id=\"758b4ea\" data-element_type=\"container\" data-e-type=\"container\" data-settings=\"{&quot;background_background&quot;:&quot;classic&quot;}\">\n\t\t\t\t\t<div class=\"e-con-inner\">\n\t\t\t\t<div class=\"elementor-element elementor-element-7af67bc elementor-widget elementor-widget-heading\" data-id=\"7af67bc\" data-element_type=\"widget\" data-e-type=\"widget\" data-widget_type=\"heading.default\">\n\t\t\t\t<div class=\"elementor-widget-container\">\n\t\t\t\t\t<h2 class=\"elementor-heading-title elementor-size-default\">Pr\u00e9paration \u00e0 la premi\u00e8re communion<\/h2>\t\t\t\t<\/div>\n\t\t\t\t<\/div>\n\t\t\t\t\t<\/div>\n\t\t\t\t<\/div>\n\t\t\t\t\t<\/div>\n\t\t\t\t<\/div>\n\t\t<div class=\"elementor-element elementor-element-9d46acf e-flex e-con-boxed e-con e-parent\" data-id=\"9d46acf\" data-element_type=\"container\" data-e-type=\"container\">\n\t\t\t\t\t<div class=\"e-con-inner\">\n\t\t<div class=\"elementor-element elementor-element-18c2904 e-con-full e-flex e-con e-child\" data-id=\"18c2904\" data-element_type=\"container\" data-e-type=\"container\">\n\t\t\t\t<div class=\"elementor-element elementor-element-b40cdbe elementor-widget elementor-widget-heading\" data-id=\"b40cdbe\" data-element_type=\"widget\" data-e-type=\"widget\" data-widget_type=\"heading.default\">\n\t\t\t\t<div class=\"elementor-widget-container\">\n\t\t\t\t\t<h2 class=\"elementor-heading-title elementor-size-default\">Pour les enfants <\/h2>\t\t\t\t<\/div>\n\t\t\t\t<\/div>\n\t\t\t\t<\/div>\n\t\t\t\t\t<\/div>\n\t\t\t\t<\/div>\n\t\t<div class=\"elementor-element elementor-element-0f69909 e-flex e-con-boxed e-con e-parent\" data-id=\"0f69909\" data-element_type=\"container\" data-e-type=\"container\">\n\t\t\t\t\t<div class=\"e-con-inner\">\n\t\t<div class=\"elementor-element elementor-element-5162f3f e-con-full e-flex e-con e-child\" data-id=\"5162f3f\" data-element_type=\"container\" data-e-type=\"container\">\n\t\t\t\t<div class=\"elementor-element elementor-element-905c15d elementor-widget elementor-widget-text-editor\" data-id=\"905c15d\" data-element_type=\"widget\" data-e-type=\"widget\" data-widget_type=\"text-editor.default\">\n\t\t\t\t<div class=\"elementor-widget-container\">\n\t\t\t\t\t\t\t\t\t<p>La pr\u00e9paration \u00e0 ce sacrement se fait dans le cadre du cat\u00e9chisme. L&rsquo;enfant doit \u00eatre inscrit au cat\u00e9chisme. Les coordinateurs du cat\u00e9chisme enfant :<\/p>\n<p><!-- \/wp:paragraph --><!-- wp:list --><\/p>\n<ul><!-- wp:list-item -->\n<li>Joelle ELUARD &#8211; joelle.eluard@orange.fr<\/li>\n<!-- \/wp:list-item --><!-- wp:list-item -->\n<li>Bertrand BENNOIT &#8211; bertrand.bennoit@bbox.fr<\/li>\n<\/ul>\t\t\t\t\t\t\t\t<\/div>\n\t\t\t\t<\/div>\n\t\t\t\t<\/div>\n\t\t\t\t\t<\/div>\n\t\t\t\t<\/div>\n\t\t<div class=\"elementor-element elementor-element-8c82684 e-flex e-con-boxed e-con e-parent\" data-id=\"8c82684\" data-element_type=\"container\" data-e-type=\"container\">\n\t\t\t\t\t<div class=\"e-con-inner\">\n\t\t<div class=\"elementor-element elementor-element-00db4ae e-con-full e-flex e-con e-child\" data-id=\"00db4ae\" data-element_type=\"container\" data-e-type=\"container\">\n\t\t\t\t<div class=\"elementor-element elementor-element-2158f89 elementor-widget elementor-widget-heading\" data-id=\"2158f89\" data-element_type=\"widget\" data-e-type=\"widget\" data-widget_type=\"heading.default\">\n\t\t\t\t<div class=\"elementor-widget-container\">\n\t\t\t\t\t<h2 class=\"elementor-heading-title elementor-size-default\">Pour les coll\u00e9giens et les lyc\u00e9ens<\/h2>\t\t\t\t<\/div>\n\t\t\t\t<\/div>\n\t\t\t\t<\/div>\n\t\t\t\t\t<\/div>\n\t\t\t\t<\/div>\n\t\t<div class=\"elementor-element elementor-element-dbed9b1 e-flex e-con-boxed e-con e-parent\" data-id=\"dbed9b1\" data-element_type=\"container\" data-e-type=\"container\">\n\t\t\t\t\t<div class=\"e-con-inner\">\n\t\t<div class=\"elementor-element elementor-element-4e63ed1 e-con-full e-flex e-con e-child\" data-id=\"4e63ed1\" data-element_type=\"container\" data-e-type=\"container\">\n\t\t\t\t<div class=\"elementor-element elementor-element-e03ab6e elementor-widget elementor-widget-text-editor\" data-id=\"e03ab6e\" data-element_type=\"widget\" data-e-type=\"widget\" data-widget_type=\"text-editor.default\">\n\t\t\t\t<div class=\"elementor-widget-container\">\n\t\t\t\t\t\t\t\t\t<p>Le jeune doit \u00eatre inscrit \u00e0 l&rsquo;aum\u00f4nerie. Ci dessous le contact de la responsable de l&rsquo;aum\u00f4nerie :<\/p>\n<ul>\n<li>Val\u00e9rie ROSIER &#8211; honey971@gmail.com<\/li>\n<\/ul>\n<p>Pour en savoir plus sur l&rsquo;Aum\u00f4nerie : <a href=\"https:\/\/paroissesaintmartindacheres.fr\/index.php\/aumonerie\/\"><strong>Aum\u00f4nerie d&rsquo;Ach\u00e8res<\/strong><\/a><\/p>\t\t\t\t\t\t\t\t<\/div>\n\t\t\t\t<\/div>\n\t\t\t\t<\/div>\n\t\t\t\t\t<\/div>\n\t\t\t\t<\/div>\n\t\t<div class=\"elementor-element elementor-element-0b99473 e-flex e-con-boxed e-con e-parent\" data-id=\"0b99473\" data-element_type=\"container\" data-e-type=\"container\">\n\t\t\t\t\t<div class=\"e-con-inner\">\n\t\t<div class=\"elementor-element elementor-element-3a0e688 e-con-full e-flex e-con e-child\" data-id=\"3a0e688\" data-element_type=\"container\" data-e-type=\"container\">\n\t\t\t\t<div class=\"elementor-element elementor-element-3fed023 elementor-widget elementor-widget-heading\" data-id=\"3fed023\" data-element_type=\"widget\" data-e-type=\"widget\" data-widget_type=\"heading.default\">\n\t\t\t\t<div class=\"elementor-widget-container\">\n\t\t\t\t\t<h2 class=\"elementor-heading-title elementor-size-default\">Pour les adultes<\/h2>\t\t\t\t<\/div>\n\t\t\t\t<\/div>\n\t\t\t\t<\/div>\n\t\t\t\t\t<\/div>\n\t\t\t\t<\/div>\n\t\t<div class=\"elementor-element elementor-element-222a0a4 e-flex e-con-boxed e-con e-parent\" data-id=\"222a0a4\" data-element_type=\"container\" data-e-type=\"container\">\n\t\t\t\t\t<div class=\"e-con-inner\">\n\t\t<div class=\"elementor-element elementor-element-018ee96 e-con-full e-flex e-con e-child\" data-id=\"018ee96\" data-element_type=\"container\" data-e-type=\"container\">\n\t\t\t\t<div class=\"elementor-element elementor-element-921d436 elementor-widget elementor-widget-text-editor\" data-id=\"921d436\" data-element_type=\"widget\" data-e-type=\"widget\" data-widget_type=\"text-editor.default\">\n\t\t\t\t<div class=\"elementor-widget-container\">\n\t\t\t\t\t\t\t\t\t<p>Il faut prendre rendez-vous avec les responsables du cat\u00e9chum\u00e9nat adulte. L\u2019entr\u00e9e en cat\u00e9chum\u00e9nat se fait apr\u00e8s un entretien pr\u00e9alable et suppose que le futur cat\u00e9chum\u00e8ne demande explicitement la foi \u00e0 l\u2019\u00c9glise.<\/p>\n<p><!-- \/wp:paragraph --><!-- wp:paragraph --><\/p>\n<p>Responsables du cat\u00e9chum\u00e9nat adulte :<\/p>\n<p><!-- \/wp:paragraph --><!-- wp:list --><\/p>\n<ul><!-- wp:list-item -->\n<li>Annick LEGRAND &#8211; a.duboislegrand@hotmail.com<\/li>\n<!-- \/wp:list-item --><!-- wp:list-item -->\n<li>Th\u00e9r\u00e8se BOEHM &#8211; therese.gboehm@gmail.com<\/li>\n<\/ul>\t\t\t\t\t\t\t\t<\/div>\n\t\t\t\t<\/div>\n\t\t\t\t<\/div>\n\t\t\t\t\t<\/div>\n\t\t\t\t<\/div>\n\t\t\t\t<\/div>\n\t\t","protected":false},"excerpt":{"rendered":"<p>La premi\u00e8re communion \u00ab Je suis le pain vivant qui descend du ciel.Celui qui mangera de ce pain vivra pour l\u2019\u00e9ternit\u00e9. \u00bbJean (6,51) La premi\u00e8re Communion, c\u2019est recevoir pour la [&hellip;]<\/p>\n","protected":false},"author":8,"featured_media":0,"parent":0,"menu_order":0,"comment_status":"closed","ping_status":"closed","template":"","meta":{"footnotes":""},"class_list":["post-5717","page","type-page","status-publish","hentry","entry"],"_links":{"self":[{"href":"https:\/\/paroissesaintmartindacheres.fr\/index.php\/wp-json\/wp\/v2\/pages\/5717","targetHints":{"allow":["GET"]}}],"collection":[{"href":"https:\/\/paroissesaintmartindacheres.fr\/index.php\/wp-json\/wp\/v2\/pages"}],"about":[{"href":"https:\/\/paroissesaintmartindacheres.fr\/index.php\/wp-json\/wp\/v2\/types\/page"}],"author":[{"embeddable":true,"href":"https:\/\/paroissesaintmartindacheres.fr\/index.php\/wp-json\/wp\/v2\/users\/8"}],"replies":[{"embeddable":true,"href":"https:\/\/paroissesaintmartindacheres.fr\/index.php\/wp-json\/wp\/v2\/comments?post=5717"}],"version-history":[{"count":41,"href":"https:\/\/paroissesaintmartindacheres.fr\/index.php\/wp-json\/wp\/v2\/pages\/5717\/revisions"}],"predecessor-version":[{"id":10388,"href":"https:\/\/paroissesaintmartindacheres.fr\/index.php\/wp-json\/wp\/v2\/pages\/5717\/revisions\/10388"}],"wp:attachment":[{"href":"https:\/\/paroissesaintmartindacheres.fr\/index.php\/wp-json\/wp\/v2\/media?parent=5717"}],"curies":[{"name":"wp","href":"https:\/\/api.w.org\/{rel}","templated":true}]}}