{"id":135,"date":"2017-11-19T19:12:10","date_gmt":"2017-11-19T18:12:10","guid":{"rendered":"http:\/\/paroissesaintmartindacheres.fr\/?page_id=135"},"modified":"2025-03-04T23:25:43","modified_gmt":"2025-03-04T22:25:43","slug":"groupe-de-priere","status":"publish","type":"page","link":"https:\/\/paroissesaintmartindacheres.fr\/index.php\/groupe-de-priere\/","title":{"rendered":"Adoration Eucharistique"},"content":{"rendered":"\t\t<div data-elementor-type=\"wp-page\" data-elementor-id=\"135\" class=\"elementor elementor-135\">\n\t\t\t\t<div class=\"elementor-element elementor-element-5c3b9a5 e-con-full e-flex e-con e-parent\" data-id=\"5c3b9a5\" data-element_type=\"container\" data-e-type=\"container\" data-settings=\"{&quot;background_background&quot;:&quot;classic&quot;}\">\n\t\t<div class=\"elementor-element elementor-element-9e31d28 e-flex e-con-boxed e-con e-child\" data-id=\"9e31d28\" data-element_type=\"container\" data-e-type=\"container\">\n\t\t\t\t\t<div class=\"e-con-inner\">\n\t\t\t\t<div class=\"elementor-element elementor-element-2f824aa elementor-widget elementor-widget-heading\" data-id=\"2f824aa\" data-element_type=\"widget\" data-e-type=\"widget\" data-widget_type=\"heading.default\">\n\t\t\t\t<div class=\"elementor-widget-container\">\n\t\t\t\t\t<h1 class=\"elementor-heading-title elementor-size-default\">L'adoration Eucharistique<\/h1>\t\t\t\t<\/div>\n\t\t\t\t<\/div>\n\t\t\t\t\t<\/div>\n\t\t\t\t<\/div>\n\t\t<div class=\"elementor-element elementor-element-4bd5895 e-con-full e-flex e-con e-child\" data-id=\"4bd5895\" data-element_type=\"container\" data-e-type=\"container\" data-settings=\"{&quot;background_background&quot;:&quot;classic&quot;}\">\n\t\t\t\t<\/div>\n\t\t<div class=\"elementor-element elementor-element-6885c99 e-flex e-con-boxed e-con e-child\" data-id=\"6885c99\" data-element_type=\"container\" data-e-type=\"container\">\n\t\t\t\t\t<div class=\"e-con-inner\">\n\t\t\t\t<div class=\"elementor-element elementor-element-ac0d34f elementor-widget elementor-widget-text-editor\" data-id=\"ac0d34f\" data-element_type=\"widget\" data-e-type=\"widget\" data-widget_type=\"text-editor.default\">\n\t\t\t\t<div class=\"elementor-widget-container\">\n\t\t\t\t\t\t\t\t\t<p>\u00ab Voici que je suis avec vous pour toujours \u00bb, car \u00ab je t\u2019ai aim\u00e9 d\u2019un amour \u00e9ternel, aussi t\u2019ai-je maintenu ma faveur \u00bb (Mt 28, 20; Jr 31, 3).<\/p>\t\t\t\t\t\t\t\t<\/div>\n\t\t\t\t<\/div>\n\t\t\t\t\t<\/div>\n\t\t\t\t<\/div>\n\t\t\t\t<\/div>\n\t\t<div class=\"elementor-element elementor-element-d3e0d2b e-flex e-con-boxed e-con e-parent\" data-id=\"d3e0d2b\" data-element_type=\"container\" data-e-type=\"container\">\n\t\t\t\t\t<div class=\"e-con-inner\">\n\t\t<div class=\"elementor-element elementor-element-720666a e-con-full e-flex e-con e-child\" data-id=\"720666a\" data-element_type=\"container\" data-e-type=\"container\">\n\t\t\t\t<div class=\"elementor-element elementor-element-be24ebd elementor-widget elementor-widget-text-editor\" data-id=\"be24ebd\" data-element_type=\"widget\" data-e-type=\"widget\" data-widget_type=\"text-editor.default\">\n\t\t\t\t<div class=\"elementor-widget-container\">\n\t\t\t\t\t\t\t\t\t<p>L\u2019adoration eucharistique est une fa\u00e7on de t\u00e9moigner notre amour pour J\u00e9sus qui nous aime au point de ne jamais vouloir nous quitter. Il demeure ainsi avec nous, jour et nuit, au Saint Sacrement. L\u2019adoration eucharistique a un double sens : le Christ J\u00e9sus s\u2019expose \u00e0 notre regard et \u00e0 notre pri\u00e8re et il nous invite aussi en retour \u00e0 nous exposer nous-m\u00eames \u00e0 son regard.\u00a0<\/p>\t\t\t\t\t\t\t\t<\/div>\n\t\t\t\t<\/div>\n\t\t\t\t<\/div>\n\t\t\t\t\t<\/div>\n\t\t\t\t<\/div>\n\t\t<div class=\"elementor-element elementor-element-17aa846 e-flex e-con-boxed e-con e-parent\" data-id=\"17aa846\" data-element_type=\"container\" data-e-type=\"container\">\n\t\t\t\t\t<div class=\"e-con-inner\">\n\t\t<div class=\"elementor-element elementor-element-100e113 e-con-full e-flex e-con e-child\" data-id=\"100e113\" data-element_type=\"container\" data-e-type=\"container\" data-settings=\"{&quot;background_background&quot;:&quot;classic&quot;}\">\n\t\t\t\t<div class=\"elementor-element elementor-element-9edf281 elementor-widget elementor-widget-heading\" data-id=\"9edf281\" data-element_type=\"widget\" data-e-type=\"widget\" data-widget_type=\"heading.default\">\n\t\t\t\t<div class=\"elementor-widget-container\">\n\t\t\t\t\t<h2 class=\"elementor-heading-title elementor-size-default\">Temps et heures d'adoration<\/h2>\t\t\t\t<\/div>\n\t\t\t\t<\/div>\n\t\t\t\t<\/div>\n\t\t\t\t\t<\/div>\n\t\t\t\t<\/div>\n\t\t<div class=\"elementor-element elementor-element-2642196 e-flex e-con-boxed e-con e-parent\" data-id=\"2642196\" data-element_type=\"container\" data-e-type=\"container\">\n\t\t\t\t\t<div class=\"e-con-inner\">\n\t\t<div class=\"elementor-element elementor-element-bcf52cb e-con-full e-flex e-con e-child\" data-id=\"bcf52cb\" data-element_type=\"container\" data-e-type=\"container\">\n\t\t\t\t<div class=\"elementor-element elementor-element-3e31c2f elementor-widget elementor-widget-text-editor\" data-id=\"3e31c2f\" data-element_type=\"widget\" data-e-type=\"widget\" data-widget_type=\"text-editor.default\">\n\t\t\t\t<div class=\"elementor-widget-container\">\n\t\t\t\t\t\t\t\t\t<p>L&rsquo;adoration a lieu tous les <strong>jeudi de 18 h \u00e0 19 h<\/strong> et tous les <strong>samedi de 9 h 20 \u00e0 12h<\/strong><\/p>\n<p><!-- \/wp:paragraph --><!-- wp:paragraph --><\/p>\n<p>N&rsquo;h\u00e9sitez pas \u00e0 nous rejoindre pour passer une heure de contemplation, d&rsquo;intercession en pr\u00e9sence du Christ.<\/p>\n<p><!-- \/wp:paragraph --><!-- wp:paragraph --><\/p>\n<p>Nous vous attendons nombreux !<\/p>\t\t\t\t\t\t\t\t<\/div>\n\t\t\t\t<\/div>\n\t\t\t\t<\/div>\n\t\t\t\t\t<\/div>\n\t\t\t\t<\/div>\n\t\t\t\t<\/div>\n\t\t","protected":false},"excerpt":{"rendered":"<p>L&rsquo;adoration Eucharistique \u00ab Voici que je suis avec vous pour toujours \u00bb, car \u00ab je t\u2019ai aim\u00e9 d\u2019un amour \u00e9ternel, aussi t\u2019ai-je maintenu ma faveur \u00bb (Mt 28, 20; Jr [&hellip;]<\/p>\n","protected":false},"author":1,"featured_media":0,"parent":0,"menu_order":0,"comment_status":"closed","ping_status":"closed","template":"","meta":{"footnotes":""},"class_list":["post-135","page","type-page","status-publish","hentry","entry"],"_links":{"self":[{"href":"https:\/\/paroissesaintmartindacheres.fr\/index.php\/wp-json\/wp\/v2\/pages\/135","targetHints":{"allow":["GET"]}}],"collection":[{"href":"https:\/\/paroissesaintmartindacheres.fr\/index.php\/wp-json\/wp\/v2\/pages"}],"about":[{"href":"https:\/\/paroissesaintmartindacheres.fr\/index.php\/wp-json\/wp\/v2\/types\/page"}],"author":[{"embeddable":true,"href":"https:\/\/paroissesaintmartindacheres.fr\/index.php\/wp-json\/wp\/v2\/users\/1"}],"replies":[{"embeddable":true,"href":"https:\/\/paroissesaintmartindacheres.fr\/index.php\/wp-json\/wp\/v2\/comments?post=135"}],"version-history":[{"count":55,"href":"https:\/\/paroissesaintmartindacheres.fr\/index.php\/wp-json\/wp\/v2\/pages\/135\/revisions"}],"predecessor-version":[{"id":10466,"href":"https:\/\/paroissesaintmartindacheres.fr\/index.php\/wp-json\/wp\/v2\/pages\/135\/revisions\/10466"}],"wp:attachment":[{"href":"https:\/\/paroissesaintmartindacheres.fr\/index.php\/wp-json\/wp\/v2\/media?parent=135"}],"curies":[{"name":"wp","href":"https:\/\/api.w.org\/{rel}","templated":true}]}}