{"id":12996,"date":"2025-03-12T10:48:35","date_gmt":"2025-03-12T09:48:35","guid":{"rendered":"https:\/\/paroissesaintmartindacheres.fr\/?page_id=12996"},"modified":"2025-03-12T10:54:28","modified_gmt":"2025-03-12T09:54:28","slug":"mentions-legales","status":"publish","type":"page","link":"https:\/\/paroissesaintmartindacheres.fr\/index.php\/mentions-legales\/","title":{"rendered":"Mentions l\u00e9gales"},"content":{"rendered":"\t\t<div data-elementor-type=\"wp-page\" data-elementor-id=\"12996\" class=\"elementor elementor-12996\">\n\t\t\t\t<div class=\"elementor-element elementor-element-7c8d2ee e-flex e-con-boxed e-con e-parent\" data-id=\"7c8d2ee\" data-element_type=\"container\" data-e-type=\"container\" data-settings=\"{&quot;background_background&quot;:&quot;classic&quot;}\">\n\t\t\t\t\t<div class=\"e-con-inner\">\n\t\t<div class=\"elementor-element elementor-element-4cb85b5 e-con-full e-flex e-con e-child\" data-id=\"4cb85b5\" data-element_type=\"container\" data-e-type=\"container\">\n\t\t\t\t<div class=\"elementor-element elementor-element-f8cf789 elementor-widget elementor-widget-heading\" data-id=\"f8cf789\" data-element_type=\"widget\" data-e-type=\"widget\" data-widget_type=\"heading.default\">\n\t\t\t\t<div class=\"elementor-widget-container\">\n\t\t\t\t\t<h1 class=\"elementor-heading-title elementor-size-default\">Mentions l\u00e9gales et conditions g\u00e9n\u00e9rales d'utilisation<\/h1>\t\t\t\t<\/div>\n\t\t\t\t<\/div>\n\t\t\t\t<\/div>\n\t\t\t\t\t<\/div>\n\t\t\t\t<\/div>\n\t\t<div class=\"elementor-element elementor-element-36d7e25 e-flex e-con-boxed e-con e-parent\" data-id=\"36d7e25\" data-element_type=\"container\" data-e-type=\"container\">\n\t\t\t\t\t<div class=\"e-con-inner\">\n\t\t<div class=\"elementor-element elementor-element-5258792 e-con-full e-flex e-con e-child\" data-id=\"5258792\" data-element_type=\"container\" data-e-type=\"container\">\n\t\t\t\t<div class=\"elementor-element elementor-element-bb3a47b elementor-widget elementor-widget-heading\" data-id=\"bb3a47b\" data-element_type=\"widget\" data-e-type=\"widget\" data-widget_type=\"heading.default\">\n\t\t\t\t<div class=\"elementor-widget-container\">\n\t\t\t\t\t<h2 class=\"elementor-heading-title elementor-size-default\">Mentions l\u00e9gales<\/h2>\t\t\t\t<\/div>\n\t\t\t\t<\/div>\n\t\t\t\t<\/div>\n\t\t\t\t\t<\/div>\n\t\t\t\t<\/div>\n\t\t<div class=\"elementor-element elementor-element-f16f543 e-flex e-con-boxed e-con e-parent\" data-id=\"f16f543\" data-element_type=\"container\" data-e-type=\"container\">\n\t\t\t\t\t<div class=\"e-con-inner\">\n\t\t<div class=\"elementor-element elementor-element-23304ad e-con-full e-flex e-con e-child\" data-id=\"23304ad\" data-element_type=\"container\" data-e-type=\"container\">\n\t\t\t\t<div class=\"elementor-element elementor-element-041c006 elementor-widget elementor-widget-text-editor\" data-id=\"041c006\" data-element_type=\"widget\" data-e-type=\"widget\" data-widget_type=\"text-editor.default\">\n\t\t\t\t<div class=\"elementor-widget-container\">\n\t\t\t\t\t\t\t\t\t<p>Vous \u00eates sur le site officiel de la Paroisse Saint Martin d\u2019Ach\u00e8res<\/p><p><span style=\"text-decoration: underline;\"><strong>\u00c9diteur<\/strong><\/span><\/p><p>Paroisse Saint Martin<\/p><p>8 avenue de Stalingrad \/ 78260 Ach\u00e8res<\/p><p>www.paroissesaintmartindacheres.fr<\/p><p>T\u00e9l\u00e9phone\u00a0: 01.39.11.10.24 \u00a0 Fax : 01.39.22.17.95<\/p><p><span style=\"text-decoration: underline;\"><strong>Directeurs de la publication<\/strong><\/span><\/p><p>Monseigneur Luc CREPY, \u00e9v\u00eaque du dioc\u00e8se de Versailles.<\/p><p>P\u00e8re Isidore NDAYAMBAJE, cur\u00e9 de la Paroisse Saint Martin d\u2019Ach\u00e8res<\/p><p><span style=\"text-decoration: underline;\"><strong>Support administratif<\/strong><\/span><\/p><p>Paroisse Saint Martin.<\/p><p>Contact mail\u00a0: paroisse-stmartin-acheres@orange.fr<\/p><p><span style=\"text-decoration: underline;\"><strong>R\u00e9dacteur en chef<\/strong><\/span><\/p><p>ADENKA Joseph<\/p><p><span style=\"text-decoration: underline;\"><strong>Conception, h\u00e9bergement, maintenance<\/strong><\/span><\/p><p><span style=\"text-decoration: underline;\"><strong>H\u00e9bergement <\/strong><\/span><\/p><p>OVH<\/p><p>2 rue kellermann BP 80157<\/p><p>59053 ROUBAIX CEDEX 1 &#8211; France<\/p><p><span style=\"text-decoration: underline;\"><strong>Conception<\/strong><\/span><em><br \/><\/em>Joseph ADENKA<\/p><p><span style=\"text-decoration: underline;\"><strong>Maintenance<\/strong><\/span><br \/>Joseph ADENKA<\/p>\t\t\t\t\t\t\t\t<\/div>\n\t\t\t\t<\/div>\n\t\t\t\t<\/div>\n\t\t\t\t\t<\/div>\n\t\t\t\t<\/div>\n\t\t<div class=\"elementor-element elementor-element-e4dd45e e-flex e-con-boxed e-con e-parent\" data-id=\"e4dd45e\" data-element_type=\"container\" data-e-type=\"container\">\n\t\t\t\t\t<div class=\"e-con-inner\">\n\t\t<div class=\"elementor-element elementor-element-cadff45 e-con-full e-flex e-con e-child\" data-id=\"cadff45\" data-element_type=\"container\" data-e-type=\"container\">\n\t\t\t\t<div class=\"elementor-element elementor-element-200e9a1 elementor-widget elementor-widget-heading\" data-id=\"200e9a1\" data-element_type=\"widget\" data-e-type=\"widget\" data-widget_type=\"heading.default\">\n\t\t\t\t<div class=\"elementor-widget-container\">\n\t\t\t\t\t<h2 class=\"elementor-heading-title elementor-size-default\">Conditions g\u00e9n\u00e9rales d'utilisation<\/h2>\t\t\t\t<\/div>\n\t\t\t\t<\/div>\n\t\t\t\t<\/div>\n\t\t\t\t\t<\/div>\n\t\t\t\t<\/div>\n\t\t<div class=\"elementor-element elementor-element-47c43f5 e-flex e-con-boxed e-con e-parent\" data-id=\"47c43f5\" data-element_type=\"container\" data-e-type=\"container\">\n\t\t\t\t\t<div class=\"e-con-inner\">\n\t\t<div class=\"elementor-element elementor-element-efbd651 e-con-full e-flex e-con e-child\" data-id=\"efbd651\" data-element_type=\"container\" data-e-type=\"container\">\n\t\t\t\t<div class=\"elementor-element elementor-element-b3dfdec elementor-widget elementor-widget-text-editor\" data-id=\"b3dfdec\" data-element_type=\"widget\" data-e-type=\"widget\" data-widget_type=\"text-editor.default\">\n\t\t\t\t<div class=\"elementor-widget-container\">\n\t\t\t\t\t\t\t\t\t<p><span style=\"text-decoration: underline;\"><strong>Objet<\/strong><\/span><\/p><p>Les pr\u00e9sentes conditions g\u00e9n\u00e9rales sont destin\u00e9es \u00e0 r\u00e9gir l\u2019utilisation du site web (paroissesaintmartindacheres.fr), propri\u00e9t\u00e9 de la Paroisse Saint Martin d\u2019Ach\u00e8res<\/p><p>La consultation du Site implique que l\u2019utilisateur a pr\u00e9alablement pris connaissance des pr\u00e9sentes conditions g\u00e9n\u00e9rales, qu\u2019il les a accept\u00e9es et s\u2019engage \u00e0 s\u2019y conformer.<\/p><p><span style=\"text-decoration: underline;\"><strong>Utilisation loyale<\/strong><\/span><\/p><p>L\u2019utilisateur s\u2019interdit tout acte de nature \u00e0 alt\u00e9rer ou perturber, de quelque mani\u00e8re que ce soit, le fonctionnement normal du Site.<\/p><p>De m\u00eame, il s\u2019interdit toute utilisation d\u00e9tourn\u00e9e des informations nominatives pr\u00e9sentes sur le Site.<\/p><p><span style=\"text-decoration: underline;\"><strong>Propri\u00e9t\u00e9 intellectuelle<\/strong><\/span><\/p><p>L\u2019utilisateur s\u2019engage \u00e0 respecter le droit de propri\u00e9t\u00e9 intellectuelle inh\u00e9rent au Site ainsi qu\u2019\u00e0 son contenu, quelle qu\u2019en soit la nature.<\/p><p>En particulier, l\u2019utilisateur s\u2019interdit toute reproduction ou toute repr\u00e9sentation du Site, par quelque moyen et sous quelque forme que ce soit, sans l\u2019autorisation expresse et pr\u00e9alable de la Paroisse Saint Martin d\u2019Ach\u00e8res<\/p><p><span style=\"text-decoration: underline;\"><strong>Publications<\/strong><\/span><\/p><p>Toutes les publications faites sur le Site le sont \u00e0 titre d\u2019informations g\u00e9n\u00e9rales et ne sauraient dispenser l\u2019utilisateur de solliciter des informations plus d\u00e9taill\u00e9es et adapt\u00e9es aupr\u00e8s des services de la Paroisse Saint Martin d\u2019Ach\u00e8res<\/p><p>La Paroisse Saint Martin d\u2019Ach\u00e8res fait tout son possible pour veiller \u00e0 l\u2019exactitude de ces informations, mais ne peut aucunement \u00eatre tenu responsable de tout pr\u00e9judice pouvant r\u00e9sulter de leur utilisation incontr\u00f4l\u00e9e.<\/p><p><span style=\"text-decoration: underline;\"><strong>Donn\u00e9es \u00e0 caract\u00e8re personnel<\/strong><\/span><\/p><p>Les donn\u00e9es \u00e0 caract\u00e8re personnel communiqu\u00e9es par l\u2019utilisateur, notamment \u00e0 travers les formulaires disponibles sur le Site, sont r\u00e9serv\u00e9es \u00e0 l\u2019usage exclusif de la Paroisse Saint Martin d\u2019Ach\u00e8res<\/p><p>Elles lui permettent de g\u00e9rer les demandes que l\u2019utilisateur peut formuler \u00e0 travers ces formulaires,\u00a0et notamment\u00a0: s\u2019inscrire \u00e0 la newsletter ou lettre d\u2019information de la Paroisse Saint Martin d\u2019Ach\u00e8res, candidater \u00e0 un emploi, ou \u00e0 du b\u00e9n\u00e9volat, s\u2019inscrire \u00e0 une formation\u2026<\/p><p>Conform\u00e9ment au R\u00e8glement (UE) 2016\/679 du 27 avril 2016 relatif \u00e0 la protection des donn\u00e9es \u00e0 caract\u00e8re personnel (dit \u00ab\u00a0RGPD\u00a0\u00bb) entr\u00e9 en application le 25 mai 2018, et \u00e0 la Loi n\u00b0 78-17 du 6 janvier 1978 relative \u00e0 l\u2019informatique, aux fichiers et aux libert\u00e9s, modifi\u00e9e (dite \u00ab\u00a0Loi Informatique et Libert\u00e9s\u00a0\u00bb), la Paroisse Saint Martin d\u2019Ach\u00e8res a \u00e9labor\u00e9 une Politique de confidentialit\u00e9 applicable aux donn\u00e9es \u00e0 caract\u00e8re personnel qu\u2019elle collecte et traite.<\/p><p>L\u2019utilisateur est inform\u00e9 que ses donn\u00e9es \u00e0 caract\u00e8re personnel sont donc collect\u00e9es et trait\u00e9es conform\u00e9ment \u00e0 ladite <u>Politique de confidentialit\u00e9<\/u>, et qu\u2019il peut y acc\u00e9der ci-dessous.<\/p><p><span style=\"text-decoration: underline;\"><strong>Cookies et autres traceurs<\/strong><\/span><\/p><p>L\u2019utilisateur est inform\u00e9 que lorsqu\u2019il utilise le Site, des cookies peuvent s\u2019installer automatiquement sur son ordinateur ou son \u00e9quipement terminal. Ces cookies servent notamment \u00e0 mesurer le nombre de pages vues, le nombre de visites, l\u2019activit\u00e9 de l\u2019utilisateur, et \u00e0 enregistrer ses pr\u00e9f\u00e9rences afin d\u2019am\u00e9liorer son exp\u00e9rience et sa navigation sur le Site.<\/p><p>Conform\u00e9ment au RGPD et \u00e0 la\u00a0Loi Informatique et Libert\u00e9s modifi\u00e9e, la Paroisse Saint Martin d\u2019Ach\u00e8res a \u00e9labor\u00e9 une <u>Politique de gestion des cookies<\/u> que l\u2019utilisateur peut consulter ci-dessous.<\/p><p><span style=\"text-decoration: underline;\"><strong>Liens vers d\u2019autres sites<\/strong><\/span><\/p><p>L\u2019utilisateur s\u2019interdit de mettre en place un lien entre le Site et un autre site internet sans l\u2019accord expr\u00e8s et pr\u00e9alable de la Paroisse Saint Martin d\u2019Ach\u00e8res<\/p><p>En aucun cas, la Paroisse Saint Martin d\u2019Ach\u00e8res ne pourrait \u00eatre responsable des cons\u00e9quences des acc\u00e8s effectu\u00e9s \u00e0 travers un lien pointant vers un autre site, si ce lien a \u00e9t\u00e9 mis en place sans son accord.<\/p><p><span style=\"text-decoration: underline;\"><strong>Modification des pr\u00e9sentes Conditions g\u00e9n\u00e9rales d\u2019utilisation du Site<\/strong><\/span><\/p><p>En cas d\u2019\u00e9volutions l\u00e9gislatives, r\u00e9glementaires, jurisprudentielles, des lignes directrices endoss\u00e9es par le Comit\u00e9 Europ\u00e9en de la Protection des Donn\u00e9es (CEPD), des recommandations de la CNIL, des usages ou autres, la Paroisse Saint Martin d\u2019Ach\u00e8res pourra r\u00e9viser ou effectuer toute mise \u00e0 jour des pr\u00e9sentes Conditions g\u00e9n\u00e9rales \u00e0 tout moment et sans pr\u00e9avis, les modifications ne valant toutefois que pour l\u2019avenir.<\/p>\t\t\t\t\t\t\t\t<\/div>\n\t\t\t\t<\/div>\n\t\t\t\t<\/div>\n\t\t\t\t\t<\/div>\n\t\t\t\t<\/div>\n\t\t\t\t<\/div>\n\t\t","protected":false},"excerpt":{"rendered":"<p>Mentions l\u00e9gales et conditions g\u00e9n\u00e9rales d&rsquo;utilisation Mentions l\u00e9gales Vous \u00eates sur le site officiel de la Paroisse Saint Martin d\u2019Ach\u00e8res \u00c9diteur Paroisse Saint Martin 8 avenue de Stalingrad \/ 78260 [&hellip;]<\/p>\n","protected":false},"author":8,"featured_media":0,"parent":0,"menu_order":0,"comment_status":"closed","ping_status":"closed","template":"","meta":{"footnotes":""},"class_list":["post-12996","page","type-page","status-publish","hentry","entry"],"_links":{"self":[{"href":"https:\/\/paroissesaintmartindacheres.fr\/index.php\/wp-json\/wp\/v2\/pages\/12996","targetHints":{"allow":["GET"]}}],"collection":[{"href":"https:\/\/paroissesaintmartindacheres.fr\/index.php\/wp-json\/wp\/v2\/pages"}],"about":[{"href":"https:\/\/paroissesaintmartindacheres.fr\/index.php\/wp-json\/wp\/v2\/types\/page"}],"author":[{"embeddable":true,"href":"https:\/\/paroissesaintmartindacheres.fr\/index.php\/wp-json\/wp\/v2\/users\/8"}],"replies":[{"embeddable":true,"href":"https:\/\/paroissesaintmartindacheres.fr\/index.php\/wp-json\/wp\/v2\/comments?post=12996"}],"version-history":[{"count":10,"href":"https:\/\/paroissesaintmartindacheres.fr\/index.php\/wp-json\/wp\/v2\/pages\/12996\/revisions"}],"predecessor-version":[{"id":13019,"href":"https:\/\/paroissesaintmartindacheres.fr\/index.php\/wp-json\/wp\/v2\/pages\/12996\/revisions\/13019"}],"wp:attachment":[{"href":"https:\/\/paroissesaintmartindacheres.fr\/index.php\/wp-json\/wp\/v2\/media?parent=12996"}],"curies":[{"name":"wp","href":"https:\/\/api.w.org\/{rel}","templated":true}]}}