{"id":129,"date":"2017-11-19T19:11:01","date_gmt":"2017-11-19T18:11:01","guid":{"rendered":"http:\/\/paroissesaintmartindacheres.fr\/?page_id=129"},"modified":"2025-03-08T00:51:02","modified_gmt":"2025-03-07T23:51:02","slug":"cathechisme","status":"publish","type":"page","link":"https:\/\/paroissesaintmartindacheres.fr\/index.php\/cathechisme\/","title":{"rendered":"Cat\u00e9chisme"},"content":{"rendered":"\t\t<div data-elementor-type=\"wp-page\" data-elementor-id=\"129\" class=\"elementor elementor-129\">\n\t\t\t\t<div class=\"elementor-element elementor-element-23ec5c8 e-flex e-con-boxed e-con e-parent\" data-id=\"23ec5c8\" data-element_type=\"container\" data-e-type=\"container\" data-settings=\"{&quot;background_background&quot;:&quot;classic&quot;}\">\n\t\t\t\t\t<div class=\"e-con-inner\">\n\t\t<div class=\"elementor-element elementor-element-209ff73 e-con-full e-flex e-con e-child\" data-id=\"209ff73\" data-element_type=\"container\" data-e-type=\"container\" data-settings=\"{&quot;background_background&quot;:&quot;classic&quot;}\">\n\t\t\t\t<div class=\"elementor-element elementor-element-58f8ee2 elementor-widget elementor-widget-heading\" data-id=\"58f8ee2\" data-element_type=\"widget\" data-e-type=\"widget\" data-widget_type=\"heading.default\">\n\t\t\t\t<div class=\"elementor-widget-container\">\n\t\t\t\t\t<h1 class=\"elementor-heading-title elementor-size-default\">Le cat\u00e9chisme<\/h1>\t\t\t\t<\/div>\n\t\t\t\t<\/div>\n\t\t\t\t<\/div>\n\t\t\t\t\t<\/div>\n\t\t\t\t<\/div>\n\t\t<div class=\"elementor-element elementor-element-6fca70f e-flex e-con-boxed e-con e-parent\" data-id=\"6fca70f\" data-element_type=\"container\" data-e-type=\"container\">\n\t\t\t\t\t<div class=\"e-con-inner\">\n\t\t<div class=\"elementor-element elementor-element-b413b1a e-con-full e-flex e-con e-child\" data-id=\"b413b1a\" data-element_type=\"container\" data-e-type=\"container\">\n\t\t\t\t<div class=\"elementor-element elementor-element-2acdfa4 elementor-widget elementor-widget-text-editor\" data-id=\"2acdfa4\" data-element_type=\"widget\" data-e-type=\"widget\" data-widget_type=\"text-editor.default\">\n\t\t\t\t<div class=\"elementor-widget-container\">\n\t\t\t\t\t\t\t\t\t<p>Le pr\u00eatre de la paroisse est le premier cat\u00e9chiste. Pour mener \u00e0 bien cette mission \u00e9vang\u00e9lisatrice aupr\u00e8s des enfants, des parents r\u00e9pondent \u00e0 un appel : aider les enfants \u00e0 grandir davantage dans \u00ab\u00a0la communion et l&rsquo;intimit\u00e9 avec J\u00e9sus-Christ\u00a0\u00bb.<\/p>\t\t\t\t\t\t\t\t<\/div>\n\t\t\t\t<\/div>\n\t\t\t\t<\/div>\n\t\t\t\t\t<\/div>\n\t\t\t\t<\/div>\n\t\t<div class=\"elementor-element elementor-element-727e564 e-flex e-con-boxed e-con e-parent\" data-id=\"727e564\" data-element_type=\"container\" data-e-type=\"container\">\n\t\t\t\t\t<div class=\"e-con-inner\">\n\t\t<div class=\"elementor-element elementor-element-2bfb456 e-con-full e-flex e-con e-child\" data-id=\"2bfb456\" data-element_type=\"container\" data-e-type=\"container\">\n\t\t\t\t<div class=\"elementor-element elementor-element-5fc41f2 elementor-widget elementor-widget-heading\" data-id=\"5fc41f2\" data-element_type=\"widget\" data-e-type=\"widget\" data-widget_type=\"heading.default\">\n\t\t\t\t<div class=\"elementor-widget-container\">\n\t\t\t\t\t<h2 class=\"elementor-heading-title elementor-size-default\">Inscription au cat\u00e9chisme<\/h2>\t\t\t\t<\/div>\n\t\t\t\t<\/div>\n\t\t\t\t<\/div>\n\t\t\t\t\t<\/div>\n\t\t\t\t<\/div>\n\t\t<div class=\"elementor-element elementor-element-77c6a07 e-flex e-con-boxed e-con e-parent\" data-id=\"77c6a07\" data-element_type=\"container\" data-e-type=\"container\">\n\t\t\t\t\t<div class=\"e-con-inner\">\n\t\t<div class=\"elementor-element elementor-element-5aa34b8 e-con-full e-flex e-con e-child\" data-id=\"5aa34b8\" data-element_type=\"container\" data-e-type=\"container\">\n\t\t\t\t<div class=\"elementor-element elementor-element-cde5d4c elementor-widget elementor-widget-text-editor\" data-id=\"cde5d4c\" data-element_type=\"widget\" data-e-type=\"widget\" data-widget_type=\"text-editor.default\">\n\t\t\t\t<div class=\"elementor-widget-container\">\n\t\t\t\t\t\t\t\t\t<p>L\u2019inscription au cat\u00e9chisme se fait g\u00e9n\u00e9ralement en d\u00e9but d\u2019ann\u00e9e scolaire mais elle peut se faire \u00e9galement en cours d\u2019ann\u00e9e.\u00a0<\/p>\t\t\t\t\t\t\t\t<\/div>\n\t\t\t\t<\/div>\n\t\t\t\t<\/div>\n\t\t\t\t\t<\/div>\n\t\t\t\t<\/div>\n\t\t<div class=\"elementor-element elementor-element-7fcdc6e e-flex e-con-boxed e-con e-parent\" data-id=\"7fcdc6e\" data-element_type=\"container\" data-e-type=\"container\">\n\t\t\t\t\t<div class=\"e-con-inner\">\n\t\t<div class=\"elementor-element elementor-element-0a8b601 e-con-full e-flex e-con e-child\" data-id=\"0a8b601\" data-element_type=\"container\" data-e-type=\"container\">\n\t\t\t\t<div class=\"elementor-element elementor-element-4ba5567 elementor-widget elementor-widget-heading\" data-id=\"4ba5567\" data-element_type=\"widget\" data-e-type=\"widget\" data-widget_type=\"heading.default\">\n\t\t\t\t<div class=\"elementor-widget-container\">\n\t\t\t\t\t<h2 class=\"elementor-heading-title elementor-size-default\">Organisation des s\u00e9ances<\/h2>\t\t\t\t<\/div>\n\t\t\t\t<\/div>\n\t\t\t\t<\/div>\n\t\t\t\t\t<\/div>\n\t\t\t\t<\/div>\n\t\t<div class=\"elementor-element elementor-element-8318d73 e-flex e-con-boxed e-con e-parent\" data-id=\"8318d73\" data-element_type=\"container\" data-e-type=\"container\">\n\t\t\t\t\t<div class=\"e-con-inner\">\n\t\t<div class=\"elementor-element elementor-element-1f5948f e-con-full e-flex e-con e-child\" data-id=\"1f5948f\" data-element_type=\"container\" data-e-type=\"container\">\n\t\t\t\t<div class=\"elementor-element elementor-element-46b3d38 elementor-widget elementor-widget-text-editor\" data-id=\"46b3d38\" data-element_type=\"widget\" data-e-type=\"widget\" data-widget_type=\"text-editor.default\">\n\t\t\t\t<div class=\"elementor-widget-container\">\n\t\t\t\t\t\t\t\t\t<p>L\u2019organisation des s\u00e9ances est la suivante :<br \/>\u2022 Cat\u00e9chisme : s\u00e9ances hebdomadaires ou bimensuelles \u00e0 domicile ou au centre St-Jean XXIII<br \/>\u2022 Pr\u00e9paration des enfants au bapt\u00eame et \u00e0 la 1\u00e8re communion avec un parcours sp\u00e9cifique<br \/>\u2022 Pr\u00e9parations bimestrielles des messes des familles<\/p>\t\t\t\t\t\t\t\t<\/div>\n\t\t\t\t<\/div>\n\t\t\t\t<\/div>\n\t\t\t\t\t<\/div>\n\t\t\t\t<\/div>\n\t\t<div class=\"elementor-element elementor-element-5147711 e-flex e-con-boxed e-con e-parent\" data-id=\"5147711\" data-element_type=\"container\" data-e-type=\"container\">\n\t\t\t\t\t<div class=\"e-con-inner\">\n\t\t<div class=\"elementor-element elementor-element-e6e5e4e e-con-full e-flex e-con e-child\" data-id=\"e6e5e4e\" data-element_type=\"container\" data-e-type=\"container\">\n\t\t\t\t<div class=\"elementor-element elementor-element-5db6fe7 elementor-widget elementor-widget-heading\" data-id=\"5db6fe7\" data-element_type=\"widget\" data-e-type=\"widget\" data-widget_type=\"heading.default\">\n\t\t\t\t<div class=\"elementor-widget-container\">\n\t\t\t\t\t<h2 class=\"elementor-heading-title elementor-size-default\">Equipe des coordinateurs<\/h2>\t\t\t\t<\/div>\n\t\t\t\t<\/div>\n\t\t\t\t<\/div>\n\t\t\t\t\t<\/div>\n\t\t\t\t<\/div>\n\t\t<div class=\"elementor-element elementor-element-e12dcf6 e-flex e-con-boxed e-con e-parent\" data-id=\"e12dcf6\" data-element_type=\"container\" data-e-type=\"container\">\n\t\t\t\t\t<div class=\"e-con-inner\">\n\t\t<div class=\"elementor-element elementor-element-3c1ef49 e-con-full e-flex e-con e-child\" data-id=\"3c1ef49\" data-element_type=\"container\" data-e-type=\"container\">\n\t\t\t\t<div class=\"elementor-element elementor-element-45d70e2 elementor-widget elementor-widget-text-editor\" data-id=\"45d70e2\" data-element_type=\"widget\" data-e-type=\"widget\" data-widget_type=\"text-editor.default\">\n\t\t\t\t<div class=\"elementor-widget-container\">\n\t\t\t\t\t\t\t\t\t<p>Les responsables du cat\u00e9chisme sont :<\/p><p>Joelle ELUARD \u2013 joelle.eluard@orange.fr<\/p><p>Bertrand BENNOIT \u2013 bertrand.bennoit@bbox.fr<\/p>\t\t\t\t\t\t\t\t<\/div>\n\t\t\t\t<\/div>\n\t\t\t\t<\/div>\n\t\t\t\t\t<\/div>\n\t\t\t\t<\/div>\n\t\t\t\t<\/div>\n\t\t","protected":false},"excerpt":{"rendered":"<p>Le cat\u00e9chisme Le pr\u00eatre de la paroisse est le premier cat\u00e9chiste. Pour mener \u00e0 bien cette mission \u00e9vang\u00e9lisatrice aupr\u00e8s des enfants, des parents r\u00e9pondent \u00e0 un appel : aider les [&hellip;]<\/p>\n","protected":false},"author":1,"featured_media":0,"parent":0,"menu_order":0,"comment_status":"closed","ping_status":"closed","template":"","meta":{"footnotes":""},"class_list":["post-129","page","type-page","status-publish","hentry","entry"],"_links":{"self":[{"href":"https:\/\/paroissesaintmartindacheres.fr\/index.php\/wp-json\/wp\/v2\/pages\/129","targetHints":{"allow":["GET"]}}],"collection":[{"href":"https:\/\/paroissesaintmartindacheres.fr\/index.php\/wp-json\/wp\/v2\/pages"}],"about":[{"href":"https:\/\/paroissesaintmartindacheres.fr\/index.php\/wp-json\/wp\/v2\/types\/page"}],"author":[{"embeddable":true,"href":"https:\/\/paroissesaintmartindacheres.fr\/index.php\/wp-json\/wp\/v2\/users\/1"}],"replies":[{"embeddable":true,"href":"https:\/\/paroissesaintmartindacheres.fr\/index.php\/wp-json\/wp\/v2\/comments?post=129"}],"version-history":[{"count":44,"href":"https:\/\/paroissesaintmartindacheres.fr\/index.php\/wp-json\/wp\/v2\/pages\/129\/revisions"}],"predecessor-version":[{"id":10592,"href":"https:\/\/paroissesaintmartindacheres.fr\/index.php\/wp-json\/wp\/v2\/pages\/129\/revisions\/10592"}],"wp:attachment":[{"href":"https:\/\/paroissesaintmartindacheres.fr\/index.php\/wp-json\/wp\/v2\/media?parent=129"}],"curies":[{"name":"wp","href":"https:\/\/api.w.org\/{rel}","templated":true}]}}