{"id":1193,"date":"2018-07-03T14:44:16","date_gmt":"2018-07-03T12:44:16","guid":{"rendered":"http:\/\/paroissesaintmartindacheres.fr\/?page_id=1193"},"modified":"2025-03-08T00:48:31","modified_gmt":"2025-03-07T23:48:31","slug":"eveil-a-la-foi","status":"publish","type":"page","link":"https:\/\/paroissesaintmartindacheres.fr\/index.php\/eveil-a-la-foi\/","title":{"rendered":"Eveil \u00e0 la foi"},"content":{"rendered":"\t\t<div data-elementor-type=\"wp-page\" data-elementor-id=\"1193\" class=\"elementor elementor-1193\">\n\t\t\t\t<div class=\"elementor-element elementor-element-936f20d e-con-full e-flex e-con e-parent\" data-id=\"936f20d\" data-element_type=\"container\" data-e-type=\"container\" data-settings=\"{&quot;background_background&quot;:&quot;classic&quot;}\">\n\t\t<div class=\"elementor-element elementor-element-cf2f330 e-con-full e-flex e-con e-child\" data-id=\"cf2f330\" data-element_type=\"container\" data-e-type=\"container\" data-settings=\"{&quot;background_background&quot;:&quot;classic&quot;}\">\n\t\t\t\t<div class=\"elementor-element elementor-element-78e4cf8 elementor-widget elementor-widget-heading\" data-id=\"78e4cf8\" data-element_type=\"widget\" data-e-type=\"widget\" data-widget_type=\"heading.default\">\n\t\t\t\t<div class=\"elementor-widget-container\">\n\t\t\t\t\t<h1 class=\"elementor-heading-title elementor-size-default\">L'\u00e9veil \u00e0 la Foi<\/h1>\t\t\t\t<\/div>\n\t\t\t\t<\/div>\n\t\t\t\t<\/div>\n\t\t\t\t<\/div>\n\t\t<div class=\"elementor-element elementor-element-da0c810 e-flex e-con-boxed e-con e-parent\" data-id=\"da0c810\" data-element_type=\"container\" data-e-type=\"container\">\n\t\t\t\t\t<div class=\"e-con-inner\">\n\t\t<div class=\"elementor-element elementor-element-3a43410 e-con-full e-flex e-con e-child\" data-id=\"3a43410\" data-element_type=\"container\" data-e-type=\"container\">\n\t\t\t\t<div class=\"elementor-element elementor-element-0f093bd elementor-widget elementor-widget-text-editor\" data-id=\"0f093bd\" data-element_type=\"widget\" data-e-type=\"widget\" data-widget_type=\"text-editor.default\">\n\t\t\t\t<div class=\"elementor-widget-container\">\n\t\t\t\t\t\t\t\t\t<p>La famille est le premier lieu o\u00f9 l\u2019enfant peut \u00eatre \u00e9veill\u00e9 \u00e0 la foi. \u00ab\u00a0\u00c9veiller un enfant \u00e0 la Foi, c\u2019est l\u2019accompagner dans la d\u00e9couverte de Dieu, l\u2019initier \u00e0 la vie chr\u00e9tienne par la pri\u00e8re, les f\u00eates et les rites. C\u2019est l\u2019aider \u00e0 prendre conscience du tr\u00e9sor d\u2019amour que Dieu a d\u00e9pos\u00e9 dans son c\u0153ur et l\u2019inviter \u00e0 le rencontrer. \u00c9veil \u00e0 la Foi et \u00e9veil \u00e0 la vie sont en r\u00e9alit\u00e9 indissociables.\u00a0\u00bb<\/p>\t\t\t\t\t\t\t\t<\/div>\n\t\t\t\t<\/div>\n\t\t\t\t<\/div>\n\t\t\t\t\t<\/div>\n\t\t\t\t<\/div>\n\t\t<div class=\"elementor-element elementor-element-8be6b45 e-flex e-con-boxed e-con e-parent\" data-id=\"8be6b45\" data-element_type=\"container\" data-e-type=\"container\">\n\t\t\t\t\t<div class=\"e-con-inner\">\n\t\t<div class=\"elementor-element elementor-element-b0c0aa7 e-con-full e-flex e-con e-child\" data-id=\"b0c0aa7\" data-element_type=\"container\" data-e-type=\"container\" data-settings=\"{&quot;background_background&quot;:&quot;classic&quot;}\">\n\t\t\t\t<div class=\"elementor-element elementor-element-da14aef elementor-widget elementor-widget-heading\" data-id=\"da14aef\" data-element_type=\"widget\" data-e-type=\"widget\" data-widget_type=\"heading.default\">\n\t\t\t\t<div class=\"elementor-widget-container\">\n\t\t\t\t\t<h2 class=\"elementor-heading-title elementor-size-default\">Nos jours de rencontre<\/h2>\t\t\t\t<\/div>\n\t\t\t\t<\/div>\n\t\t\t\t<\/div>\n\t\t\t\t\t<\/div>\n\t\t\t\t<\/div>\n\t\t<div class=\"elementor-element elementor-element-f926e18 e-flex e-con-boxed e-con e-parent\" data-id=\"f926e18\" data-element_type=\"container\" data-e-type=\"container\">\n\t\t\t\t\t<div class=\"e-con-inner\">\n\t\t<div class=\"elementor-element elementor-element-2fe6fec e-con-full e-flex e-con e-child\" data-id=\"2fe6fec\" data-element_type=\"container\" data-e-type=\"container\" data-settings=\"{&quot;background_background&quot;:&quot;classic&quot;}\">\n\t\t\t\t<div class=\"elementor-element elementor-element-94effa8 elementor-widget elementor-widget-heading\" data-id=\"94effa8\" data-element_type=\"widget\" data-e-type=\"widget\" data-widget_type=\"heading.default\">\n\t\t\t\t<div class=\"elementor-widget-container\">\n\t\t\t\t\t<h2 class=\"elementor-heading-title elementor-size-default\">La messe des familles (une fois par mois)<\/h2>\t\t\t\t<\/div>\n\t\t\t\t<\/div>\n\t\t\t\t<\/div>\n\t\t\t\t\t<\/div>\n\t\t\t\t<\/div>\n\t\t<div class=\"elementor-element elementor-element-bb8f980 e-flex e-con-boxed e-con e-parent\" data-id=\"bb8f980\" data-element_type=\"container\" data-e-type=\"container\">\n\t\t\t\t\t<div class=\"e-con-inner\">\n\t\t<div class=\"elementor-element elementor-element-0fbbfe8 e-con-full e-flex e-con e-child\" data-id=\"0fbbfe8\" data-element_type=\"container\" data-e-type=\"container\">\n\t\t\t\t<div class=\"elementor-element elementor-element-bb808ed elementor-widget elementor-widget-text-editor\" data-id=\"bb808ed\" data-element_type=\"widget\" data-e-type=\"widget\" data-widget_type=\"text-editor.default\">\n\t\t\t\t<div class=\"elementor-widget-container\">\n\t\t\t\t\t\t\t\t\t<p>Un temps d\u2019\u00e9veil \u00e0 la foi est propos\u00e9 pendant les <strong><a href=\"http:\/\/www.paroisselatrinite28.fr\/messes-du-dimanche\/messe-familles\" target=\"_blank\" rel=\"nofollow noopener noreferrer\">messes des familles<\/a><\/strong>. Cette invitation est faite\u00a0<b>aux enfants entre 3 ans\u00a0et 7 ans\u00a0<\/b>(niveau maternel jusqu&rsquo;au CE1). C\u2019est un temps pendant lequel nous cherchons \u00e0 rendre accessible la foi en Dieu. Apr\u00e8s le \u00ab\u00a0Gloire \u00e0 Dieu\u00a0\u00bb, nous invitons les enfants \u00e0 se rassembler.<\/p><p>Nous abordons l\u2019\u00e9vangile ou les grands temps forts de la vie en \u00e9glise, nous avons un petit temps de pri\u00e8re, le tout compl\u00e9t\u00e9 par un coloriage, un bricolage, un jeu, un chant gestu\u00e9. Notre but est de les faire parler de ce qu\u2019ils vivent, de leur montrer les signes de la pr\u00e9sence de Dieu dans leur vie, de leur faire d\u00e9couvrir J\u00e9sus.<\/p><p>De retour dans l\u2019\u00e9glise apr\u00e8s l\u2019offertoire et avant le Notre-P\u00e8re, les enfants prennent place autour de l\u2019autel et le p\u00e8re les invite \u00e0 prier avec l&rsquo;assembl\u00e9e.<\/p>\t\t\t\t\t\t\t\t<\/div>\n\t\t\t\t<\/div>\n\t\t\t\t<\/div>\n\t\t\t\t\t<\/div>\n\t\t\t\t<\/div>\n\t\t<div class=\"elementor-element elementor-element-ac499d1 e-flex e-con-boxed e-con e-parent\" data-id=\"ac499d1\" data-element_type=\"container\" data-e-type=\"container\">\n\t\t\t\t\t<div class=\"e-con-inner\">\n\t\t<div class=\"elementor-element elementor-element-140edac e-con-full e-flex e-con e-child\" data-id=\"140edac\" data-element_type=\"container\" data-e-type=\"container\" data-settings=\"{&quot;background_background&quot;:&quot;classic&quot;}\">\n\t\t\t\t<div class=\"elementor-element elementor-element-af9bbc0 elementor-widget elementor-widget-heading\" data-id=\"af9bbc0\" data-element_type=\"widget\" data-e-type=\"widget\" data-widget_type=\"heading.default\">\n\t\t\t\t<div class=\"elementor-widget-container\">\n\t\t\t\t\t<h2 class=\"elementor-heading-title elementor-size-default\">Les s\u00e9ances du samedi apr\u00e8s-midi<\/h2>\t\t\t\t<\/div>\n\t\t\t\t<\/div>\n\t\t\t\t<\/div>\n\t\t\t\t\t<\/div>\n\t\t\t\t<\/div>\n\t\t<div class=\"elementor-element elementor-element-98a4923 e-flex e-con-boxed e-con e-parent\" data-id=\"98a4923\" data-element_type=\"container\" data-e-type=\"container\">\n\t\t\t\t\t<div class=\"e-con-inner\">\n\t\t<div class=\"elementor-element elementor-element-f128718 e-con-full e-flex e-con e-child\" data-id=\"f128718\" data-element_type=\"container\" data-e-type=\"container\">\n\t\t\t\t<div class=\"elementor-element elementor-element-a38458a elementor-widget elementor-widget-image\" data-id=\"a38458a\" data-element_type=\"widget\" data-e-type=\"widget\" data-widget_type=\"image.default\">\n\t\t\t\t<div class=\"elementor-widget-container\">\n\t\t\t\t\t\t\t\t\t\t\t\t\t\t\t<img fetchpriority=\"high\" decoding=\"async\" width=\"700\" height=\"400\" src=\"https:\/\/paroissesaintmartindacheres.fr\/wp-content\/uploads\/2025\/03\/Activites-eveil-a-la-foi.webp\" class=\"attachment-large size-large wp-image-10411\" alt=\"\" srcset=\"https:\/\/paroissesaintmartindacheres.fr\/wp-content\/uploads\/2025\/03\/Activites-eveil-a-la-foi.webp 700w, https:\/\/paroissesaintmartindacheres.fr\/wp-content\/uploads\/2025\/03\/Activites-eveil-a-la-foi-300x171.webp 300w\" sizes=\"(max-width: 700px) 100vw, 700px\" \/>\t\t\t\t\t\t\t\t\t\t\t\t\t\t\t<\/div>\n\t\t\t\t<\/div>\n\t\t\t\t<\/div>\n\t\t<div class=\"elementor-element elementor-element-85a0e5d e-con-full e-flex e-con e-child\" data-id=\"85a0e5d\" data-element_type=\"container\" data-e-type=\"container\">\n\t\t\t\t<div class=\"elementor-element elementor-element-c1cf1de elementor-widget elementor-widget-text-editor\" data-id=\"c1cf1de\" data-element_type=\"widget\" data-e-type=\"widget\" data-widget_type=\"text-editor.default\">\n\t\t\t\t<div class=\"elementor-widget-container\">\n\t\t\t\t\t\t\t\t\t<p>Nous accueillons des jeunes enfants, <strong>entre 3 et 7 ans,<\/strong> accompagn\u00e9s au moins d\u2019un de leurs parents. Ces s\u00e9ances ont lieu 3 fois dans l&rsquo;ann\u00e9e, en pr\u00e9sence du pr\u00eatre, le samedi apr\u00e8s-midi de 16h00 \u00e0 17h30 au centre Jean XXIII.<\/p><p>Les s\u00e9ances sont pr\u00e9par\u00e9es en amont avec la participation des parents. Ensemble, nous choisissons le th\u00e8me que nous souhaitons aborder avec les enfants, un chant, une pri\u00e8re, une activit\u00e9 ludique en lien avec le th\u00e8me s\u00e9lectionn\u00e9.<\/p><p>L&rsquo;\u00e9veil \u00e0 la foi, c&rsquo;est l&rsquo;\u00e9veil des enfants, le r\u00e9veil des parents<span style=\"color: #cd232c;\"><img decoding=\"async\" class=\"yiv0598033164yahoo-emoji-wrapper\" title=\"Emoji\" src=\"https:\/\/ecp.yusercontent.com\/mail?url=https%3A%2F%2Fs.yimg.com%2Fnq%2Fyemoji_assets%2Flatest%2Fyemoji_assets%2F1f607.png&amp;t=1731473553&amp;ymreqid=004bc4ec-faec-2a0c-1c4b-b50002015a00&amp;sig=2gAToAEmcQGF0UsBdEchbg--~D\" alt=\"Emoji\" width=\"16\" height=\"16\" \/><\/span>.<\/p>\t\t\t\t\t\t\t\t<\/div>\n\t\t\t\t<\/div>\n\t\t\t\t<\/div>\n\t\t\t\t\t<\/div>\n\t\t\t\t<\/div>\n\t\t<div class=\"elementor-element elementor-element-eb6d11e e-flex e-con-boxed e-con e-parent\" data-id=\"eb6d11e\" data-element_type=\"container\" data-e-type=\"container\">\n\t\t\t\t\t<div class=\"e-con-inner\">\n\t\t<div class=\"elementor-element elementor-element-2db489a e-con-full e-flex e-con e-child\" data-id=\"2db489a\" data-element_type=\"container\" data-e-type=\"container\" data-settings=\"{&quot;background_background&quot;:&quot;classic&quot;}\">\n\t\t\t\t<div class=\"elementor-element elementor-element-842ba3b elementor-widget elementor-widget-heading\" data-id=\"842ba3b\" data-element_type=\"widget\" data-e-type=\"widget\" data-widget_type=\"heading.default\">\n\t\t\t\t<div class=\"elementor-widget-container\">\n\t\t\t\t\t<h2 class=\"elementor-heading-title elementor-size-default\">S\u00e9ances hebdomadaires ou bimensuelles pour les enfants du CE1<\/h2>\t\t\t\t<\/div>\n\t\t\t\t<\/div>\n\t\t\t\t<\/div>\n\t\t\t\t\t<\/div>\n\t\t\t\t<\/div>\n\t\t<div class=\"elementor-element elementor-element-7f2a0d6 e-flex e-con-boxed e-con e-parent\" data-id=\"7f2a0d6\" data-element_type=\"container\" data-e-type=\"container\">\n\t\t\t\t\t<div class=\"e-con-inner\">\n\t\t<div class=\"elementor-element elementor-element-2617d3e e-con-full e-flex e-con e-child\" data-id=\"2617d3e\" data-element_type=\"container\" data-e-type=\"container\">\n\t\t\t\t<div class=\"elementor-element elementor-element-2dec4bd elementor-widget elementor-widget-text-editor\" data-id=\"2dec4bd\" data-element_type=\"widget\" data-e-type=\"widget\" data-widget_type=\"text-editor.default\">\n\t\t\t\t<div class=\"elementor-widget-container\">\n\t\t\t\t\t\t\t\t\t<p>Pour les enfants de CE1 sp\u00e9cifiquement (7\/8 ans), de s\u00e9ances hebdomadaires ou bimensuelles ont lieu au domicile de l&rsquo;animateur (parent volontaire et b\u00e9n\u00e9vole) ou au centre ST-Jean XXIII en suivant le parcours de culture chr\u00e9tienne \u00ab\u00a0Les aventures de ZOU\u00a0\u00bb.<strong> <span style=\"color: #cd232c;\"><a href=\"https:\/\/www.aventures-de-zou.fr\/\" target=\"_blank\" rel=\"nofollow noopener noreferrer\">Les Aventures de Zou : ouvrages pour 7-8 ans &#8211; M\u00e9diaclap \u00e9dition<\/a><\/span><\/strong><\/p>\t\t\t\t\t\t\t\t<\/div>\n\t\t\t\t<\/div>\n\t\t\t\t<\/div>\n\t\t\t\t\t<\/div>\n\t\t\t\t<\/div>\n\t\t<div class=\"elementor-element elementor-element-82f7549 e-flex e-con-boxed e-con e-parent\" data-id=\"82f7549\" data-element_type=\"container\" data-e-type=\"container\">\n\t\t\t\t\t<div class=\"e-con-inner\">\n\t\t<div class=\"elementor-element elementor-element-8f49f8b e-con-full e-flex e-con e-child\" data-id=\"8f49f8b\" data-element_type=\"container\" data-e-type=\"container\" data-settings=\"{&quot;background_background&quot;:&quot;classic&quot;}\">\n\t\t\t\t<div class=\"elementor-element elementor-element-7666998 elementor-widget elementor-widget-heading\" data-id=\"7666998\" data-element_type=\"widget\" data-e-type=\"widget\" data-widget_type=\"heading.default\">\n\t\t\t\t<div class=\"elementor-widget-container\">\n\t\t\t\t\t<h2 class=\"elementor-heading-title elementor-size-default\">Pr\u00e9paration au bapt\u00eame<\/h2>\t\t\t\t<\/div>\n\t\t\t\t<\/div>\n\t\t\t\t<\/div>\n\t\t\t\t\t<\/div>\n\t\t\t\t<\/div>\n\t\t<div class=\"elementor-element elementor-element-1d4a5e8 e-flex e-con-boxed e-con e-parent\" data-id=\"1d4a5e8\" data-element_type=\"container\" data-e-type=\"container\">\n\t\t\t\t\t<div class=\"e-con-inner\">\n\t\t<div class=\"elementor-element elementor-element-49f222f e-con-full e-flex e-con e-child\" data-id=\"49f222f\" data-element_type=\"container\" data-e-type=\"container\">\n\t\t\t\t<div class=\"elementor-element elementor-element-499bf30 elementor-widget elementor-widget-text-editor\" data-id=\"499bf30\" data-element_type=\"widget\" data-e-type=\"widget\" data-widget_type=\"text-editor.default\">\n\t\t\t\t<div class=\"elementor-widget-container\">\n\t\t\t\t\t\t\t\t\t<p>Pour la pr\u00e9paration au bapt\u00eame des enfants de 3 \u00e0 7 ans (niveau maternel jusqu&rsquo;au CE1 inclus), nous invitons les parents \u00e0 inscrire leur enfant \u00e0 l&rsquo;\u00e9veil \u00e0 la foi.<\/p><p>Un parcours de pr\u00e9paration (4 \u00e0 5 s\u00e9ances) est propos\u00e9 en compl\u00e9ment aux familles avant le bapt\u00eame de l&rsquo;enfant.<\/p><p><strong><em>Comment nous joindre\u00a0:<\/em><\/strong><\/p><p>Responsable de l&rsquo;\u00e9veil \u00e0 la foi : <strong>Dominique KASSI (07 82 57 01 05)<\/strong><\/p><p>Responsable du parcours bapt\u00eame : <strong>Evelyne NJOFANG<\/strong><strong> (06 62 02 63 16)<\/strong><\/p><div>\u00a0<\/div>\t\t\t\t\t\t\t\t<\/div>\n\t\t\t\t<\/div>\n\t\t\t\t<\/div>\n\t\t\t\t\t<\/div>\n\t\t\t\t<\/div>\n\t\t\t\t<\/div>\n\t\t","protected":false},"excerpt":{"rendered":"<p>L&rsquo;\u00e9veil \u00e0 la Foi La famille est le premier lieu o\u00f9 l\u2019enfant peut \u00eatre \u00e9veill\u00e9 \u00e0 la foi. \u00ab\u00a0\u00c9veiller un enfant \u00e0 la Foi, c\u2019est l\u2019accompagner dans la d\u00e9couverte de [&hellip;]<\/p>\n","protected":false},"author":2,"featured_media":0,"parent":0,"menu_order":0,"comment_status":"closed","ping_status":"closed","template":"","meta":{"footnotes":""},"class_list":["post-1193","page","type-page","status-publish","hentry","entry"],"_links":{"self":[{"href":"https:\/\/paroissesaintmartindacheres.fr\/index.php\/wp-json\/wp\/v2\/pages\/1193","targetHints":{"allow":["GET"]}}],"collection":[{"href":"https:\/\/paroissesaintmartindacheres.fr\/index.php\/wp-json\/wp\/v2\/pages"}],"about":[{"href":"https:\/\/paroissesaintmartindacheres.fr\/index.php\/wp-json\/wp\/v2\/types\/page"}],"author":[{"embeddable":true,"href":"https:\/\/paroissesaintmartindacheres.fr\/index.php\/wp-json\/wp\/v2\/users\/2"}],"replies":[{"embeddable":true,"href":"https:\/\/paroissesaintmartindacheres.fr\/index.php\/wp-json\/wp\/v2\/comments?post=1193"}],"version-history":[{"count":95,"href":"https:\/\/paroissesaintmartindacheres.fr\/index.php\/wp-json\/wp\/v2\/pages\/1193\/revisions"}],"predecessor-version":[{"id":10589,"href":"https:\/\/paroissesaintmartindacheres.fr\/index.php\/wp-json\/wp\/v2\/pages\/1193\/revisions\/10589"}],"wp:attachment":[{"href":"https:\/\/paroissesaintmartindacheres.fr\/index.php\/wp-json\/wp\/v2\/media?parent=1193"}],"curies":[{"name":"wp","href":"https:\/\/api.w.org\/{rel}","templated":true}]}}